{"id":12933,"date":"2026-04-30T09:13:38","date_gmt":"2026-04-30T07:13:38","guid":{"rendered":"https:\/\/powiatlwowecki.pl\/?post_type=tribe_events&#038;p=12933"},"modified":"2026-04-30T09:13:38","modified_gmt":"2026-04-30T07:13:38","slug":"12933","status":"publish","type":"tribe_events","link":"https:\/\/powiatlwowecki.pl\/event\/12933\/","title":{"rendered":""},"content":{"rendered":"<div class=\"xdj266r x14z9mp xat24cr x1lziwak x1vvkbs x126k92a\">\n<div dir=\"auto\">Zapraszamy r\u00f3wnie\u017c 2 maja do Dworka na Festyn Rodzinny oraz Dzie\u0144 Flagi.<\/div>\n<div dir=\"auto\">Impreza staruje od godziny 11.00<\/div>\n<div dir=\"auto\">Msza \u015bw. o godz. 16:00<\/div>\n<\/div>\n<div class=\"x14z9mp xat24cr x1lziwak x1vvkbs xtlvy1s x126k92a\">\n<div dir=\"auto\">Dla najm\u0142odszych malowanie twarzy, darmowe dmucha\u0144ce, mo\u017cliwo\u015b\u0107 zakupu dobrego jedzonka ciasta i kawy.<\/div>\n<\/div>\n<div class=\"x14z9mp xat24cr x1lziwak x1vvkbs xtlvy1s x126k92a\">\n<div dir=\"auto\">Gor\u0105co zapraszamy<\/div>\n<\/div>\n","protected":false},"excerpt":{"rendered":"<p>Zapraszamy r\u00f3wnie\u017c 2 maja do Dworka na Festyn Rodzinny oraz Dzie\u0144 Flagi. Impreza staruje od godziny 11.00 Msza \u015bw. o godz. 16:00 Dla najm\u0142odszych malowanie twarzy, darmowe dmucha\u0144ce, mo\u017cliwo\u015b\u0107 zakupu dobrego jedzonka ciasta i kawy.  [&#8230;]<\/p>\n","protected":false},"author":4,"featured_media":12934,"template":"","meta":{"_acf_changed":false,"_tribe_events_status":"","_tribe_events_status_reason":"","_tribe_events_is_hybrid":"","_tribe_events_is_virtual":"","_tribe_events_virtual_video_source":"","_tribe_events_virtual_embed_video":"","_tribe_events_virtual_linked_button_text":"","_tribe_events_virtual_linked_button":"","_tribe_events_virtual_show_embed_at":"","_tribe_events_virtual_show_embed_to":[],"_tribe_events_virtual_show_on_event":"","_tribe_events_virtual_show_on_views":"","_tribe_events_virtual_url":"","footnotes":""},"tags":[],"tribe_events_cat":[],"class_list":["post-12933","tribe_events","type-tribe_events","status-publish","has-post-thumbnail","hentry"],"acf":[],"_links":{"self":[{"href":"https:\/\/powiatlwowecki.pl\/plci_json_endpoint\/wp\/v2\/tribe_events\/12933","targetHints":{"allow":["GET"]}}],"collection":[{"href":"https:\/\/powiatlwowecki.pl\/plci_json_endpoint\/wp\/v2\/tribe_events"}],"about":[{"href":"https:\/\/powiatlwowecki.pl\/plci_json_endpoint\/wp\/v2\/types\/tribe_events"}],"author":[{"embeddable":true,"href":"https:\/\/powiatlwowecki.pl\/plci_json_endpoint\/wp\/v2\/users\/4"}],"version-history":[{"count":1,"href":"https:\/\/powiatlwowecki.pl\/plci_json_endpoint\/wp\/v2\/tribe_events\/12933\/revisions"}],"predecessor-version":[{"id":12935,"href":"https:\/\/powiatlwowecki.pl\/plci_json_endpoint\/wp\/v2\/tribe_events\/12933\/revisions\/12935"}],"wp:featuredmedia":[{"embeddable":true,"href":"https:\/\/powiatlwowecki.pl\/plci_json_endpoint\/wp\/v2\/media\/12934"}],"wp:attachment":[{"href":"https:\/\/powiatlwowecki.pl\/plci_json_endpoint\/wp\/v2\/media?parent=12933"}],"wp:term":[{"taxonomy":"post_tag","embeddable":true,"href":"https:\/\/powiatlwowecki.pl\/plci_json_endpoint\/wp\/v2\/tags?post=12933"},{"taxonomy":"tribe_events_cat","embeddable":true,"href":"https:\/\/powiatlwowecki.pl\/plci_json_endpoint\/wp\/v2\/tribe_events_cat?post=12933"}],"curies":[{"name":"wp","href":"https:\/\/api.w.org\/{rel}","templated":true}]}}

<div class="xdj266r x14z9mp xat24cr x1lziwak x1vvkbs x126k92a">
<div dir="auto">Zapraszamy również 2 maja do Dworka na Festyn Rodzinny oraz Dzień Flagi.</div>
<div dir="auto">Impreza staruje od godziny 11.00</div>
<div dir="auto">Msza św. o godz. 16:00</div>
</div>
<div class="x14z9mp xat24cr x1lziwak x1vvkbs xtlvy1s x126k92a">
<div dir="auto">Dla najmłodszych malowanie twarzy, darmowe dmuchańce, możliwość zakupu dobrego jedzonka ciasta i kawy.</div>
</div>
<div class="x14z9mp xat24cr x1lziwak x1vvkbs xtlvy1s x126k92a">
<div dir="auto">Gorąco zapraszamy</div>
</div>

<p>Zapraszamy również 2 maja do Dworka na Festyn Rodzinny oraz Dzień Flagi. Impreza staruje od godziny 11.00 Msza św. o godz. 16:00 Dla najmłodszych malowanie twarzy, darmowe dmuchańce, możliwość zakupu dobrego jedzonka ciasta i kawy.  [&#8230;]</p>
