{"id":12856,"date":"2026-04-25T12:21:34","date_gmt":"2026-04-25T10:21:34","guid":{"rendered":"https:\/\/powiatlwowecki.pl\/?post_type=tribe_events&#038;p=12856"},"modified":"2026-04-25T12:21:34","modified_gmt":"2026-04-25T10:21:34","slug":"koncert-w-blasku-swiec","status":"publish","type":"tribe_events","link":"https:\/\/powiatlwowecki.pl\/event\/koncert-w-blasku-swiec\/","title":{"rendered":"Koncert w blasku \u015bwiec"},"content":{"rendered":"<p>W sobotni wiecz\u00f3r zapraszamy do Sali Koncertowej Lubomierskie Centrum Kultury na &#8222;Koncert w blasku \u015bwiec&#8221; w wykonaniu Mii Bielskiej &#8211; flet oraz Janusza Gajdy &#8211; gitary. W repertuarze nastrojowa muzyka filmowa oraz klasyka polskiego i \u015bwiatowego rocka. Wyj\u0105tkowy koncert w specjalnej scenerii, doskona\u0142a propozycja na sobotni wiecz\u00f3r. Wst\u0119p na wydarzenie jest wolny.<\/p>\n","protected":false},"excerpt":{"rendered":"<p>W sobotni wiecz\u00f3r zapraszamy do Sali Koncertowej Lubomierskie Centrum Kultury na &#8222;Koncert w blasku \u015bwiec&#8221; w wykonaniu Mii Bielskiej &#8211; flet oraz Janusza Gajdy &#8211; gitary. W repertuarze nastrojowa muzyka filmowa oraz klasyka polskiego i  [&#8230;]<\/p>\n","protected":false},"author":4,"featured_media":12857,"template":"","meta":{"_acf_changed":false,"_tribe_events_status":"","_tribe_events_status_reason":"","_tribe_events_is_hybrid":"","_tribe_events_is_virtual":"","_tribe_events_virtual_video_source":"","_tribe_events_virtual_embed_video":"","_tribe_events_virtual_linked_button_text":"","_tribe_events_virtual_linked_button":"","_tribe_events_virtual_show_embed_at":"","_tribe_events_virtual_show_embed_to":[],"_tribe_events_virtual_show_on_event":"","_tribe_events_virtual_show_on_views":"","_tribe_events_virtual_url":"","footnotes":""},"tags":[],"tribe_events_cat":[],"class_list":["post-12856","tribe_events","type-tribe_events","status-publish","has-post-thumbnail","hentry"],"acf":[],"_links":{"self":[{"href":"https:\/\/powiatlwowecki.pl\/plci_json_endpoint\/wp\/v2\/tribe_events\/12856","targetHints":{"allow":["GET"]}}],"collection":[{"href":"https:\/\/powiatlwowecki.pl\/plci_json_endpoint\/wp\/v2\/tribe_events"}],"about":[{"href":"https:\/\/powiatlwowecki.pl\/plci_json_endpoint\/wp\/v2\/types\/tribe_events"}],"author":[{"embeddable":true,"href":"https:\/\/powiatlwowecki.pl\/plci_json_endpoint\/wp\/v2\/users\/4"}],"version-history":[{"count":1,"href":"https:\/\/powiatlwowecki.pl\/plci_json_endpoint\/wp\/v2\/tribe_events\/12856\/revisions"}],"predecessor-version":[{"id":12858,"href":"https:\/\/powiatlwowecki.pl\/plci_json_endpoint\/wp\/v2\/tribe_events\/12856\/revisions\/12858"}],"wp:featuredmedia":[{"embeddable":true,"href":"https:\/\/powiatlwowecki.pl\/plci_json_endpoint\/wp\/v2\/media\/12857"}],"wp:attachment":[{"href":"https:\/\/powiatlwowecki.pl\/plci_json_endpoint\/wp\/v2\/media?parent=12856"}],"wp:term":[{"taxonomy":"post_tag","embeddable":true,"href":"https:\/\/powiatlwowecki.pl\/plci_json_endpoint\/wp\/v2\/tags?post=12856"},{"taxonomy":"tribe_events_cat","embeddable":true,"href":"https:\/\/powiatlwowecki.pl\/plci_json_endpoint\/wp\/v2\/tribe_events_cat?post=12856"}],"curies":[{"name":"wp","href":"https:\/\/api.w.org\/{rel}","templated":true}]}}

Koncert w blasku świec

<p>W sobotni wieczór zapraszamy do Sali Koncertowej Lubomierskie Centrum Kultury na &#8222;Koncert w blasku świec&#8221; w wykonaniu Mii Bielskiej &#8211; flet oraz Janusza Gajdy &#8211; gitary. W repertuarze nastrojowa muzyka filmowa oraz klasyka polskiego i światowego rocka. Wyjątkowy koncert w specjalnej scenerii, doskonała propozycja na sobotni wieczór. Wstęp na wydarzenie jest wolny.</p>

<p>W sobotni wieczór zapraszamy do Sali Koncertowej Lubomierskie Centrum Kultury na &#8222;Koncert w blasku świec&#8221; w wykonaniu Mii Bielskiej &#8211; flet oraz Janusza Gajdy &#8211; gitary. W repertuarze nastrojowa muzyka filmowa oraz klasyka polskiego i  [&#8230;]</p>
