{"id":12836,"date":"2026-04-23T12:08:03","date_gmt":"2026-04-23T10:08:03","guid":{"rendered":"https:\/\/powiatlwowecki.pl\/?post_type=tribe_events&#038;p=12836"},"modified":"2026-04-29T20:44:47","modified_gmt":"2026-04-29T18:44:47","slug":"dzien-otwartych-domow-przyslupowych","status":"publish","type":"tribe_events","link":"https:\/\/powiatlwowecki.pl\/event\/dzien-otwartych-domow-przyslupowych\/","title":{"rendered":"Dzie\u0144 Otwartych Dom\u00f3w Przys\u0142upowych"},"content":{"rendered":"<p>\ud83c\udfe1 31 maja 2026 \u2013 Dzie\u0144 Otwartych Dom\u00f3w Przys\u0142upowych w Powiecie Lw\u00f3weckim!<\/p>\n<p>Ju\u017c w niedziel\u0119 31 maja 2026 r. zapraszamy mieszka\u0144c\u00f3w oraz go\u015bci do udzia\u0142u w wyj\u0105tkowym wydarzeniu promuj\u0105cym dziedzictwo kulturowe naszego regionu \u2013 Dniu Otwartych Dom\u00f3w Przys\u0142upowych. To niepowtarzalna okazja, aby zobaczy\u0107 z bliska unikatowe budynki, kt\u00f3re s\u0105 wizyt\u00f3wk\u0105 Pog\u00f3rza Izerskiego i Dolnego \u015al\u0105ska.<\/p>\n<p>Na terenie Powiatu Lw\u00f3weckiego do zwiedzania udost\u0119pnione zostan\u0105 obiekty w nast\u0119puj\u0105cych miejscowo\u015bciach:<\/p>\n<p>\ud83d\udccd Bystrzyca 12 \u2013 Gmina Wle\u0144<br \/>\n\ud83d\udccd Giebu\u0142t\u00f3w 102 \u2013 Gmina Mirsk<br \/>\n\ud83d\udccd Giebu\u0142t\u00f3w 103 \u2013 Gmina Mirsk<br \/>\n\ud83d\udccd Giebu\u0142t\u00f3w 134 \u2013 Gmina Mirsk<br \/>\n\ud83d\udccd M\u0142y\u0144sko 2 \u2013 Gmina Gryf\u00f3w \u015al\u0105ski<br \/>\n\ud83d\udccd P\u0142\u00f3czki G\u00f3rne 46 \u2013 Gmina Lw\u00f3wek \u015al\u0105ski<br \/>\n\ud83d\udccd P\u0142awna Dolna 104 \u2013 Gmina Lubomierz<br \/>\n\ud83d\udccd P\u0142awna Dolna \u2013 Muzeum Przesiedle\u0144c\u00f3w i Wyp\u0119dzonych \u2013 Gmina Lubomierz<br \/>\n\ud83d\udccd Proszowa 55 \u2013 Gmina Mirsk<br \/>\n\ud83d\udccd Wojciech\u00f3w 128 \u2013 Gmina Lubomierz<\/p>\n<p>Domy przys\u0142upowe to wyj\u0105tkowe \u015bwiadectwo historii i kunsztu dawnych budowniczych. Zach\u0119camy do odwiedzenia tych niezwyk\u0142ych miejsc, poznania ich historii oraz spotka\u0144 z gospodarzami.<\/p>\n<p>Serdecznie zapraszamy do odkrywania pi\u0119kna Powiatu Lw\u00f3weckiego!<\/p>\n<p><img decoding=\"async\" class=\"alignnone wp-image-12837\" src=\"https:\/\/powiatlwowecki.pl\/wp-content\/uploads\/2026\/04\/678418904_4388090568143001_7359007751509849914_n-213x300.jpg\" alt=\"Ulotka zapraszaj\u0105ca na dzie\u0144 otwarty Dom\u00f3w Przys\u0142upowych na zdj\u0119ciu dw\u00f3ch ch\u0142opc\u00f3w w granicy wieku 5 lat zagl\u0105daj\u0105cy przez stare drewniane okno\" width=\"757\" height=\"1066\" srcset=\"https:\/\/powiatlwowecki.pl\/wp-content\/uploads\/2026\/04\/678418904_4388090568143001_7359007751509849914_n-17x24.jpg 17w, https:\/\/powiatlwowecki.pl\/wp-content\/uploads\/2026\/04\/678418904_4388090568143001_7359007751509849914_n-26x36.jpg 26w, https:\/\/powiatlwowecki.pl\/wp-content\/uploads\/2026\/04\/678418904_4388090568143001_7359007751509849914_n-34x48.jpg 34w, https:\/\/powiatlwowecki.pl\/wp-content\/uploads\/2026\/04\/678418904_4388090568143001_7359007751509849914_n-200x282.jpg 200w, https:\/\/powiatlwowecki.pl\/wp-content\/uploads\/2026\/04\/678418904_4388090568143001_7359007751509849914_n-213x300.jpg 213w, https:\/\/powiatlwowecki.pl\/wp-content\/uploads\/2026\/04\/678418904_4388090568143001_7359007751509849914_n-400x564.jpg 400w, https:\/\/powiatlwowecki.pl\/wp-content\/uploads\/2026\/04\/678418904_4388090568143001_7359007751509849914_n-600x846.jpg 600w, https:\/\/powiatlwowecki.pl\/wp-content\/uploads\/2026\/04\/678418904_4388090568143001_7359007751509849914_n-768x1083.jpg 768w, https:\/\/powiatlwowecki.pl\/wp-content\/uploads\/2026\/04\/678418904_4388090568143001_7359007751509849914_n-800x1128.jpg 800w\" sizes=\"(max-width: 757px) 100vw, 757px\" \/><\/p>\n<p>#PowiatLw\u00f3wecki #DomyPrzys\u0142upowe #Dzie\u0144OtwartychDom\u00f3wPrzys\u0142upowych #Dolny\u015al\u0105sk #Turystyka #DziedzictwoKulturowe<\/p>\n","protected":false},"excerpt":{"rendered":"<p>\ud83c\udfe1 31 maja 2026 \u2013 Dzie\u0144 Otwartych Dom\u00f3w Przys\u0142upowych w Powiecie Lw\u00f3weckim! Ju\u017c w niedziel\u0119 31 maja 2026 r. zapraszamy mieszka\u0144c\u00f3w oraz go\u015bci do udzia\u0142u w wyj\u0105tkowym wydarzeniu promuj\u0105cym dziedzictwo kulturowe naszego regionu \u2013 Dniu  [&#8230;]<\/p>\n","protected":false},"author":8,"featured_media":12837,"template":"","meta":{"_acf_changed":false,"_tribe_events_status":"","_tribe_events_status_reason":"","_tribe_events_is_hybrid":"","_tribe_events_is_virtual":"","_tribe_events_virtual_video_source":"","_tribe_events_virtual_embed_video":"","_tribe_events_virtual_linked_button_text":"","_tribe_events_virtual_linked_button":"","_tribe_events_virtual_show_embed_at":"","_tribe_events_virtual_show_embed_to":[],"_tribe_events_virtual_show_on_event":"","_tribe_events_virtual_show_on_views":"","_tribe_events_virtual_url":"","footnotes":""},"tags":[],"tribe_events_cat":[],"class_list":["post-12836","tribe_events","type-tribe_events","status-publish","has-post-thumbnail","hentry"],"acf":[],"_links":{"self":[{"href":"https:\/\/powiatlwowecki.pl\/plci_json_endpoint\/wp\/v2\/tribe_events\/12836","targetHints":{"allow":["GET"]}}],"collection":[{"href":"https:\/\/powiatlwowecki.pl\/plci_json_endpoint\/wp\/v2\/tribe_events"}],"about":[{"href":"https:\/\/powiatlwowecki.pl\/plci_json_endpoint\/wp\/v2\/types\/tribe_events"}],"author":[{"embeddable":true,"href":"https:\/\/powiatlwowecki.pl\/plci_json_endpoint\/wp\/v2\/users\/8"}],"version-history":[{"count":3,"href":"https:\/\/powiatlwowecki.pl\/plci_json_endpoint\/wp\/v2\/tribe_events\/12836\/revisions"}],"predecessor-version":[{"id":12840,"href":"https:\/\/powiatlwowecki.pl\/plci_json_endpoint\/wp\/v2\/tribe_events\/12836\/revisions\/12840"}],"wp:featuredmedia":[{"embeddable":true,"href":"https:\/\/powiatlwowecki.pl\/plci_json_endpoint\/wp\/v2\/media\/12837"}],"wp:attachment":[{"href":"https:\/\/powiatlwowecki.pl\/plci_json_endpoint\/wp\/v2\/media?parent=12836"}],"wp:term":[{"taxonomy":"post_tag","embeddable":true,"href":"https:\/\/powiatlwowecki.pl\/plci_json_endpoint\/wp\/v2\/tags?post=12836"},{"taxonomy":"tribe_events_cat","embeddable":true,"href":"https:\/\/powiatlwowecki.pl\/plci_json_endpoint\/wp\/v2\/tribe_events_cat?post=12836"}],"curies":[{"name":"wp","href":"https:\/\/api.w.org\/{rel}","templated":true}]}}

Dzień Otwartych Domów Przysłupowych

<p>🏡 31 maja 2026 – Dzień Otwartych Domów Przysłupowych w Powiecie Lwóweckim!</p>
<p>Już w niedzielę 31 maja 2026 r. zapraszamy mieszkańców oraz gości do udziału w wyjątkowym wydarzeniu promującym dziedzictwo kulturowe naszego regionu – Dniu Otwartych Domów Przysłupowych. To niepowtarzalna okazja, aby zobaczyć z bliska unikatowe budynki, które są wizytówką Pogórza Izerskiego i Dolnego Śląska.</p>
<p>Na terenie Powiatu Lwóweckiego do zwiedzania udostępnione zostaną obiekty w następujących miejscowościach:</p>
<p>📍 Bystrzyca 12 – Gmina Wleń<br />
📍 Giebułtów 102 – Gmina Mirsk<br />
📍 Giebułtów 103 – Gmina Mirsk<br />
📍 Giebułtów 134 – Gmina Mirsk<br />
📍 Młyńsko 2 – Gmina Gryfów Śląski<br />
📍 Płóczki Górne 46 – Gmina Lwówek Śląski<br />
📍 Pławna Dolna 104 – Gmina Lubomierz<br />
📍 Pławna Dolna – Muzeum Przesiedleńców i Wypędzonych – Gmina Lubomierz<br />
📍 Proszowa 55 – Gmina Mirsk<br />
📍 Wojciechów 128 – Gmina Lubomierz</p>
<p>Domy przysłupowe to wyjątkowe świadectwo historii i kunsztu dawnych budowniczych. Zachęcamy do odwiedzenia tych niezwykłych miejsc, poznania ich historii oraz spotkań z gospodarzami.</p>
<p>Serdecznie zapraszamy do odkrywania piękna Powiatu Lwóweckiego!</p>
<p><img decoding="async" class="alignnone wp-image-12837" src="https://powiatlwowecki.pl/wp-content/uploads/2026/04/678418904_4388090568143001_7359007751509849914_n-213x300.jpg" alt="Ulotka zapraszająca na dzień otwarty Domów Przysłupowych na zdjęciu dwóch chłopców w granicy wieku 5 lat zaglądający przez stare drewniane okno" width="757" height="1066" srcset="https://powiatlwowecki.pl/wp-content/uploads/2026/04/678418904_4388090568143001_7359007751509849914_n-17x24.jpg 17w, https://powiatlwowecki.pl/wp-content/uploads/2026/04/678418904_4388090568143001_7359007751509849914_n-26x36.jpg 26w, https://powiatlwowecki.pl/wp-content/uploads/2026/04/678418904_4388090568143001_7359007751509849914_n-34x48.jpg 34w, https://powiatlwowecki.pl/wp-content/uploads/2026/04/678418904_4388090568143001_7359007751509849914_n-200x282.jpg 200w, https://powiatlwowecki.pl/wp-content/uploads/2026/04/678418904_4388090568143001_7359007751509849914_n-213x300.jpg 213w, https://powiatlwowecki.pl/wp-content/uploads/2026/04/678418904_4388090568143001_7359007751509849914_n-400x564.jpg 400w, https://powiatlwowecki.pl/wp-content/uploads/2026/04/678418904_4388090568143001_7359007751509849914_n-600x846.jpg 600w, https://powiatlwowecki.pl/wp-content/uploads/2026/04/678418904_4388090568143001_7359007751509849914_n-768x1083.jpg 768w, https://powiatlwowecki.pl/wp-content/uploads/2026/04/678418904_4388090568143001_7359007751509849914_n-800x1128.jpg 800w" sizes="(max-width: 757px) 100vw, 757px" /></p>
<p>#PowiatLwówecki #DomyPrzysłupowe #DzieńOtwartychDomówPrzysłupowych #DolnyŚląsk #Turystyka #DziedzictwoKulturowe</p>

<p>🏡 31 maja 2026 – Dzień Otwartych Domów Przysłupowych w Powiecie Lwóweckim! Już w niedzielę 31 maja 2026 r. zapraszamy mieszkańców oraz gości do udziału w wyjątkowym wydarzeniu promującym dziedzictwo kulturowe naszego regionu – Dniu  [&#8230;]</p>
