{"id":12809,"date":"2026-04-23T09:32:57","date_gmt":"2026-04-23T07:32:57","guid":{"rendered":"https:\/\/powiatlwowecki.pl\/?post_type=tribe_events&#038;p=12809"},"modified":"2026-04-23T09:32:57","modified_gmt":"2026-04-23T07:32:57","slug":"katyn","status":"publish","type":"tribe_events","link":"https:\/\/powiatlwowecki.pl\/event\/katyn\/","title":{"rendered":"Katy\u0144"},"content":{"rendered":"<p><span class=\"x193iq5w xeuugli x13faqbe x1vvkbs x1xmvt09 x1lliihq x1s928wv xhkezso x1gmr53x x1cpjm7i x1fgarty x1943h6x xudqn12 x3x7a5m x1f6kntn xvq8zen xo1l8bm xzsf02u\" dir=\"auto\">Zapraszamy o godz. 18.00 do Kina RAJ w Lubomierzu, na projekcj\u0119 filmu &#8222;KATY\u0143&#8221;, w re\u017cyserii Andrzeja Wajdy. Akcja filmu rozci\u0105ga si\u0119 od roku 1939 do pierwszych lat powojennych i skupia si\u0119 na losach kobiet, kt\u00f3re czekaj\u0105 na powr\u00f3t swych pe\u0142ni\u0105cych s\u0142u\u017cb\u0119 oficersk\u0105 krewnych oraz m\u0119\u017c\u00f3w. Film przedstawia zar\u00f3wno losy oficer\u00f3w zamordowanych przez NKWD, jak i ukazuje, w jaki spos\u00f3b okupacyjne w\u0142adze hitlerowskie podczas II wojny \u015bwiatowej pr\u00f3bowa\u0142y rozgrywa\u0107 sowieck\u0105 zbrodni\u0119 na swoj\u0105 korzy\u015b\u0107.<\/span><\/p>\n","protected":false},"excerpt":{"rendered":"<p>Zapraszamy o godz. 18.00 do Kina RAJ w Lubomierzu, na projekcj\u0119 filmu &#8222;KATY\u0143&#8221;, w re\u017cyserii Andrzeja Wajdy. Akcja filmu rozci\u0105ga si\u0119 od roku 1939 do pierwszych lat powojennych i skupia si\u0119 na losach kobiet, kt\u00f3re  [&#8230;]<\/p>\n","protected":false},"author":4,"featured_media":12810,"template":"","meta":{"_acf_changed":false,"_tribe_events_status":"","_tribe_events_status_reason":"","_tribe_events_is_hybrid":"","_tribe_events_is_virtual":"","_tribe_events_virtual_video_source":"","_tribe_events_virtual_embed_video":"","_tribe_events_virtual_linked_button_text":"","_tribe_events_virtual_linked_button":"","_tribe_events_virtual_show_embed_at":"","_tribe_events_virtual_show_embed_to":[],"_tribe_events_virtual_show_on_event":"","_tribe_events_virtual_show_on_views":"","_tribe_events_virtual_url":"","footnotes":""},"tags":[],"tribe_events_cat":[],"class_list":["post-12809","tribe_events","type-tribe_events","status-publish","has-post-thumbnail","hentry"],"acf":[],"_links":{"self":[{"href":"https:\/\/powiatlwowecki.pl\/plci_json_endpoint\/wp\/v2\/tribe_events\/12809","targetHints":{"allow":["GET"]}}],"collection":[{"href":"https:\/\/powiatlwowecki.pl\/plci_json_endpoint\/wp\/v2\/tribe_events"}],"about":[{"href":"https:\/\/powiatlwowecki.pl\/plci_json_endpoint\/wp\/v2\/types\/tribe_events"}],"author":[{"embeddable":true,"href":"https:\/\/powiatlwowecki.pl\/plci_json_endpoint\/wp\/v2\/users\/4"}],"version-history":[{"count":1,"href":"https:\/\/powiatlwowecki.pl\/plci_json_endpoint\/wp\/v2\/tribe_events\/12809\/revisions"}],"predecessor-version":[{"id":12811,"href":"https:\/\/powiatlwowecki.pl\/plci_json_endpoint\/wp\/v2\/tribe_events\/12809\/revisions\/12811"}],"wp:featuredmedia":[{"embeddable":true,"href":"https:\/\/powiatlwowecki.pl\/plci_json_endpoint\/wp\/v2\/media\/12810"}],"wp:attachment":[{"href":"https:\/\/powiatlwowecki.pl\/plci_json_endpoint\/wp\/v2\/media?parent=12809"}],"wp:term":[{"taxonomy":"post_tag","embeddable":true,"href":"https:\/\/powiatlwowecki.pl\/plci_json_endpoint\/wp\/v2\/tags?post=12809"},{"taxonomy":"tribe_events_cat","embeddable":true,"href":"https:\/\/powiatlwowecki.pl\/plci_json_endpoint\/wp\/v2\/tribe_events_cat?post=12809"}],"curies":[{"name":"wp","href":"https:\/\/api.w.org\/{rel}","templated":true}]}}

Katyń

<p><span class="x193iq5w xeuugli x13faqbe x1vvkbs x1xmvt09 x1lliihq x1s928wv xhkezso x1gmr53x x1cpjm7i x1fgarty x1943h6x xudqn12 x3x7a5m x1f6kntn xvq8zen xo1l8bm xzsf02u" dir="auto">Zapraszamy o godz. 18.00 do Kina RAJ w Lubomierzu, na projekcję filmu &#8222;KATYŃ&#8221;, w reżyserii Andrzeja Wajdy. Akcja filmu rozciąga się od roku 1939 do pierwszych lat powojennych i skupia się na losach kobiet, które czekają na powrót swych pełniących służbę oficerską krewnych oraz mężów. Film przedstawia zarówno losy oficerów zamordowanych przez NKWD, jak i ukazuje, w jaki sposób okupacyjne władze hitlerowskie podczas II wojny światowej próbowały rozgrywać sowiecką zbrodnię na swoją korzyść.</span></p>

<p>Zapraszamy o godz. 18.00 do Kina RAJ w Lubomierzu, na projekcję filmu &#8222;KATYŃ&#8221;, w reżyserii Andrzeja Wajdy. Akcja filmu rozciąga się od roku 1939 do pierwszych lat powojennych i skupia się na losach kobiet, które  [&#8230;]</p>
