{"id":12716,"date":"2026-04-20T13:09:14","date_gmt":"2026-04-20T11:09:14","guid":{"rendered":"https:\/\/powiatlwowecki.pl\/?post_type=tribe_events&#038;p=12716"},"modified":"2026-04-20T13:09:15","modified_gmt":"2026-04-20T11:09:15","slug":"wernisaz-rzezby-cialo-obecnosc-autorstwa-lukasza-samotyhy","status":"publish","type":"tribe_events","link":"https:\/\/powiatlwowecki.pl\/event\/wernisaz-rzezby-cialo-obecnosc-autorstwa-lukasza-samotyhy\/","title":{"rendered":"Wernisa\u017c rze\u017aby \u201eCia\u0142o obecno\u015b\u0107\u201d autorstwa \u0141ukasza Samotyhy"},"content":{"rendered":"<div class=\"xdj266r x14z9mp xat24cr x1lziwak x1vvkbs x126k92a\">\n<div dir=\"auto\">\u201eKa\u017cde dzie\u0142o rodzi si\u0119 z konkretnej intencji, z wewn\u0119trznej potrzeby stwarzania, kt\u00f3r\u0105 prowadzi ogie\u0144 serca.\u201d<\/div>\n<\/div>\n<div class=\"x14z9mp xat24cr x1lziwak x1vvkbs xtlvy1s x126k92a\">\n<div dir=\"auto\">Ju\u017c w najbli\u017cszy pi\u0105tek, 17 kwietnia o godz. 19:30 zapraszamy na wernisa\u017c rze\u017aby \u201eCia\u0142o obecno\u015b\u0107\u201d autorstwa \u0141ukasza Samotyhy.<\/div>\n<\/div>\n<div class=\"x14z9mp xat24cr x1lziwak x1vvkbs xtlvy1s x126k92a\">\n<div dir=\"auto\">Spotkamy si\u0119 w niezwyk\u0142ej przestrzeni Sali Mieszcza\u0144skiej w lw\u00f3weckim Ratuszu, gdzie materia spotyka emocj\u0119, a forma nabiera oddechu.<\/div>\n<\/div>\n<div class=\"x14z9mp xat24cr x1lziwak x1vvkbs xtlvy1s x126k92a\">\n<div dir=\"auto\">Wiecz\u00f3r dope\u0142ni koncert muzyki elektronicznej w wykonaniu DJ.ELOHI33.33<\/div>\n<\/div>\n<div class=\"x14z9mp xat24cr x1lziwak x1vvkbs xtlvy1s x126k92a\">\n<div dir=\"auto\">Zapraszamy!<img decoding=\"async\" class=\"alignnone size-full wp-image-12717\" src=\"https:\/\/powiatlwowecki.pl\/wp-content\/uploads\/2026\/04\/672110748_1265630239056101_5446545752809268123_n.jpg\" alt=\"\" width=\"1536\" height=\"2048\" srcset=\"https:\/\/powiatlwowecki.pl\/wp-content\/uploads\/2026\/04\/672110748_1265630239056101_5446545752809268123_n-18x24.jpg 18w, https:\/\/powiatlwowecki.pl\/wp-content\/uploads\/2026\/04\/672110748_1265630239056101_5446545752809268123_n-27x36.jpg 27w, https:\/\/powiatlwowecki.pl\/wp-content\/uploads\/2026\/04\/672110748_1265630239056101_5446545752809268123_n-36x48.jpg 36w, https:\/\/powiatlwowecki.pl\/wp-content\/uploads\/2026\/04\/672110748_1265630239056101_5446545752809268123_n-200x267.jpg 200w, https:\/\/powiatlwowecki.pl\/wp-content\/uploads\/2026\/04\/672110748_1265630239056101_5446545752809268123_n-225x300.jpg 225w, https:\/\/powiatlwowecki.pl\/wp-content\/uploads\/2026\/04\/672110748_1265630239056101_5446545752809268123_n-400x533.jpg 400w, https:\/\/powiatlwowecki.pl\/wp-content\/uploads\/2026\/04\/672110748_1265630239056101_5446545752809268123_n-600x800.jpg 600w, https:\/\/powiatlwowecki.pl\/wp-content\/uploads\/2026\/04\/672110748_1265630239056101_5446545752809268123_n-768x1024.jpg 768w, https:\/\/powiatlwowecki.pl\/wp-content\/uploads\/2026\/04\/672110748_1265630239056101_5446545752809268123_n-800x1067.jpg 800w, https:\/\/powiatlwowecki.pl\/wp-content\/uploads\/2026\/04\/672110748_1265630239056101_5446545752809268123_n-1152x1536.jpg 1152w, https:\/\/powiatlwowecki.pl\/wp-content\/uploads\/2026\/04\/672110748_1265630239056101_5446545752809268123_n-1200x1600.jpg 1200w, https:\/\/powiatlwowecki.pl\/wp-content\/uploads\/2026\/04\/672110748_1265630239056101_5446545752809268123_n.jpg 1536w\" sizes=\"(max-width: 1536px) 100vw, 1536px\" \/><\/div>\n<\/div>\n","protected":false},"excerpt":{"rendered":"<p>\u201eKa\u017cde dzie\u0142o rodzi si\u0119 z konkretnej intencji, z wewn\u0119trznej potrzeby stwarzania, kt\u00f3r\u0105 prowadzi ogie\u0144 serca.\u201d Ju\u017c w najbli\u017cszy pi\u0105tek, 17 kwietnia o godz. 19:30 zapraszamy na wernisa\u017c rze\u017aby \u201eCia\u0142o obecno\u015b\u0107\u201d autorstwa \u0141ukasza Samotyhy. Spotkamy si\u0119  [&#8230;]<\/p>\n","protected":false},"author":4,"featured_media":12717,"template":"","meta":{"_acf_changed":false,"_tribe_events_status":"","_tribe_events_status_reason":"","_tribe_events_is_hybrid":"","_tribe_events_is_virtual":"","_tribe_events_virtual_video_source":"","_tribe_events_virtual_embed_video":"","_tribe_events_virtual_linked_button_text":"","_tribe_events_virtual_linked_button":"","_tribe_events_virtual_show_embed_at":"","_tribe_events_virtual_show_embed_to":[],"_tribe_events_virtual_show_on_event":"","_tribe_events_virtual_show_on_views":"","_tribe_events_virtual_url":"","footnotes":""},"tags":[],"tribe_events_cat":[],"class_list":["post-12716","tribe_events","type-tribe_events","status-publish","has-post-thumbnail","hentry"],"acf":[],"_links":{"self":[{"href":"https:\/\/powiatlwowecki.pl\/plci_json_endpoint\/wp\/v2\/tribe_events\/12716","targetHints":{"allow":["GET"]}}],"collection":[{"href":"https:\/\/powiatlwowecki.pl\/plci_json_endpoint\/wp\/v2\/tribe_events"}],"about":[{"href":"https:\/\/powiatlwowecki.pl\/plci_json_endpoint\/wp\/v2\/types\/tribe_events"}],"author":[{"embeddable":true,"href":"https:\/\/powiatlwowecki.pl\/plci_json_endpoint\/wp\/v2\/users\/4"}],"version-history":[{"count":1,"href":"https:\/\/powiatlwowecki.pl\/plci_json_endpoint\/wp\/v2\/tribe_events\/12716\/revisions"}],"predecessor-version":[{"id":12718,"href":"https:\/\/powiatlwowecki.pl\/plci_json_endpoint\/wp\/v2\/tribe_events\/12716\/revisions\/12718"}],"wp:featuredmedia":[{"embeddable":true,"href":"https:\/\/powiatlwowecki.pl\/plci_json_endpoint\/wp\/v2\/media\/12717"}],"wp:attachment":[{"href":"https:\/\/powiatlwowecki.pl\/plci_json_endpoint\/wp\/v2\/media?parent=12716"}],"wp:term":[{"taxonomy":"post_tag","embeddable":true,"href":"https:\/\/powiatlwowecki.pl\/plci_json_endpoint\/wp\/v2\/tags?post=12716"},{"taxonomy":"tribe_events_cat","embeddable":true,"href":"https:\/\/powiatlwowecki.pl\/plci_json_endpoint\/wp\/v2\/tribe_events_cat?post=12716"}],"curies":[{"name":"wp","href":"https:\/\/api.w.org\/{rel}","templated":true}]}}

Wernisaż rzeźby „Ciało obecność” autorstwa Łukasza Samotyhy

<div class="xdj266r x14z9mp xat24cr x1lziwak x1vvkbs x126k92a">
<div dir="auto">„Każde dzieło rodzi się z konkretnej intencji, z wewnętrznej potrzeby stwarzania, którą prowadzi ogień serca.”</div>
</div>
<div class="x14z9mp xat24cr x1lziwak x1vvkbs xtlvy1s x126k92a">
<div dir="auto">Już w najbliższy piątek, 17 kwietnia o godz. 19:30 zapraszamy na wernisaż rzeźby „Ciało obecność” autorstwa Łukasza Samotyhy.</div>
</div>
<div class="x14z9mp xat24cr x1lziwak x1vvkbs xtlvy1s x126k92a">
<div dir="auto">Spotkamy się w niezwykłej przestrzeni Sali Mieszczańskiej w lwóweckim Ratuszu, gdzie materia spotyka emocję, a forma nabiera oddechu.</div>
</div>
<div class="x14z9mp xat24cr x1lziwak x1vvkbs xtlvy1s x126k92a">
<div dir="auto">Wieczór dopełni koncert muzyki elektronicznej w wykonaniu DJ.ELOHI33.33</div>
</div>
<div class="x14z9mp xat24cr x1lziwak x1vvkbs xtlvy1s x126k92a">
<div dir="auto">Zapraszamy!<img decoding="async" class="alignnone size-full wp-image-12717" src="https://powiatlwowecki.pl/wp-content/uploads/2026/04/672110748_1265630239056101_5446545752809268123_n.jpg" alt="" width="1536" height="2048" srcset="https://powiatlwowecki.pl/wp-content/uploads/2026/04/672110748_1265630239056101_5446545752809268123_n-18x24.jpg 18w, https://powiatlwowecki.pl/wp-content/uploads/2026/04/672110748_1265630239056101_5446545752809268123_n-27x36.jpg 27w, https://powiatlwowecki.pl/wp-content/uploads/2026/04/672110748_1265630239056101_5446545752809268123_n-36x48.jpg 36w, https://powiatlwowecki.pl/wp-content/uploads/2026/04/672110748_1265630239056101_5446545752809268123_n-200x267.jpg 200w, https://powiatlwowecki.pl/wp-content/uploads/2026/04/672110748_1265630239056101_5446545752809268123_n-225x300.jpg 225w, https://powiatlwowecki.pl/wp-content/uploads/2026/04/672110748_1265630239056101_5446545752809268123_n-400x533.jpg 400w, https://powiatlwowecki.pl/wp-content/uploads/2026/04/672110748_1265630239056101_5446545752809268123_n-600x800.jpg 600w, https://powiatlwowecki.pl/wp-content/uploads/2026/04/672110748_1265630239056101_5446545752809268123_n-768x1024.jpg 768w, https://powiatlwowecki.pl/wp-content/uploads/2026/04/672110748_1265630239056101_5446545752809268123_n-800x1067.jpg 800w, https://powiatlwowecki.pl/wp-content/uploads/2026/04/672110748_1265630239056101_5446545752809268123_n-1152x1536.jpg 1152w, https://powiatlwowecki.pl/wp-content/uploads/2026/04/672110748_1265630239056101_5446545752809268123_n-1200x1600.jpg 1200w, https://powiatlwowecki.pl/wp-content/uploads/2026/04/672110748_1265630239056101_5446545752809268123_n.jpg 1536w" sizes="(max-width: 1536px) 100vw, 1536px" /></div>
</div>

<p>„Każde dzieło rodzi się z konkretnej intencji, z wewnętrznej potrzeby stwarzania, którą prowadzi ogień serca.” Już w najbliższy piątek, 17 kwietnia o godz. 19:30 zapraszamy na wernisaż rzeźby „Ciało obecność” autorstwa Łukasza Samotyhy. Spotkamy się  [&#8230;]</p>
