{"id":12710,"date":"2026-04-20T13:04:36","date_gmt":"2026-04-20T11:04:36","guid":{"rendered":"https:\/\/powiatlwowecki.pl\/?post_type=tribe_events&#038;p=12710"},"modified":"2026-04-20T13:05:09","modified_gmt":"2026-04-20T11:05:09","slug":"spacer-ulica-polna-w-gryfowie-slaskim","status":"publish","type":"tribe_events","link":"https:\/\/powiatlwowecki.pl\/event\/spacer-ulica-polna-w-gryfowie-slaskim\/","title":{"rendered":"Spacer ulic\u0105 Poln\u0105 w Gryfowie \u015al\u0105skim"},"content":{"rendered":"<div dir=\"auto\">Gaw\u0119da, spacer i historia\u2026<span class=\"html-span xexx8yu xyri2b x18d9i69 x1c1uobl x1hl2dhg x16tdsg8 x1vvkbs x3nfvp2 x1j61x8r x1fcty0u xdj266r xat24cr xm2jcoa x1mpyi22 xxymvpz xlup9mm x1kky2od\"><img decoding=\"async\" class=\"xz74otr x15mokao x1ga7v0g x16uus16 xbiv7yw\" src=\"https:\/\/static.xx.fbcdn.net\/images\/emoji.php\/v9\/t4c\/1\/16\/1f642.png\" alt=\"\ud83d\ude42\" width=\"16\" height=\"16\" \/><\/span><\/div>\n<div dir=\"auto\">Towarzystwo Mi\u0142o\u015bnik\u00f3w Gryfowa \u015al\u0105skiego zaprasza<\/div>\n<div dir=\"auto\">na wydarzenie pt. \u201eSpacer ulic\u0105 Poln\u0105\u201d . <span class=\"html-span xexx8yu xyri2b x18d9i69 x1c1uobl x1hl2dhg x16tdsg8 x1vvkbs x3nfvp2 x1j61x8r x1fcty0u xdj266r xat24cr xm2jcoa x1mpyi22 xxymvpz xlup9mm x1kky2od\"><img decoding=\"async\" class=\"xz74otr x15mokao x1ga7v0g x16uus16 xbiv7yw\" src=\"https:\/\/static.xx.fbcdn.net\/images\/emoji.php\/v9\/tfc\/1\/16\/1f44d.png\" alt=\"\ud83d\udc4d\" width=\"16\" height=\"16\" \/><\/span><\/div>\n<div dir=\"auto\">Spacer odb\u0119dzie si\u0119 30 kwietnia (czwartek) 2026 roku o godz. 17.00.<\/div>\n<div dir=\"auto\">Spotykamy si\u0119 w parku im. Mickiewicza przy ulicy Kolejowej obok podstawy starego pomnika.<\/div>\n<div dir=\"auto\">Zapraszamy!!!<\/div>\n<div dir=\"auto\"><img decoding=\"async\" class=\"alignnone size-full wp-image-12711\" src=\"https:\/\/powiatlwowecki.pl\/wp-content\/uploads\/2026\/04\/672686478_1401533022014435_2333818789871026171_n.jpg\" alt=\"\" width=\"526\" height=\"789\" srcset=\"https:\/\/powiatlwowecki.pl\/wp-content\/uploads\/2026\/04\/672686478_1401533022014435_2333818789871026171_n-16x24.jpg 16w, https:\/\/powiatlwowecki.pl\/wp-content\/uploads\/2026\/04\/672686478_1401533022014435_2333818789871026171_n-24x36.jpg 24w, https:\/\/powiatlwowecki.pl\/wp-content\/uploads\/2026\/04\/672686478_1401533022014435_2333818789871026171_n-32x48.jpg 32w, https:\/\/powiatlwowecki.pl\/wp-content\/uploads\/2026\/04\/672686478_1401533022014435_2333818789871026171_n-200x300.jpg 200w, https:\/\/powiatlwowecki.pl\/wp-content\/uploads\/2026\/04\/672686478_1401533022014435_2333818789871026171_n-400x600.jpg 400w, https:\/\/powiatlwowecki.pl\/wp-content\/uploads\/2026\/04\/672686478_1401533022014435_2333818789871026171_n.jpg 526w\" sizes=\"(max-width: 526px) 100vw, 526px\" \/><\/div>\n","protected":false},"excerpt":{"rendered":"<p>Gaw\u0119da, spacer i historia\u2026 Towarzystwo Mi\u0142o\u015bnik\u00f3w Gryfowa \u015al\u0105skiego zaprasza na wydarzenie pt. \u201eSpacer ulic\u0105 Poln\u0105\u201d . Spacer odb\u0119dzie si\u0119 30 kwietnia (czwartek) 2026 roku o godz. 17.00. Spotykamy si\u0119 w parku im. Mickiewicza przy ulicy  [&#8230;]<\/p>\n","protected":false},"author":4,"featured_media":12711,"template":"","meta":{"_acf_changed":false,"_tribe_events_status":"","_tribe_events_status_reason":"","_tribe_events_is_hybrid":"","_tribe_events_is_virtual":"","_tribe_events_virtual_video_source":"","_tribe_events_virtual_embed_video":"","_tribe_events_virtual_linked_button_text":"","_tribe_events_virtual_linked_button":"","_tribe_events_virtual_show_embed_at":"","_tribe_events_virtual_show_embed_to":[],"_tribe_events_virtual_show_on_event":"","_tribe_events_virtual_show_on_views":"","_tribe_events_virtual_url":"","footnotes":""},"tags":[],"tribe_events_cat":[],"class_list":["post-12710","tribe_events","type-tribe_events","status-publish","has-post-thumbnail","hentry"],"acf":[],"_links":{"self":[{"href":"https:\/\/powiatlwowecki.pl\/plci_json_endpoint\/wp\/v2\/tribe_events\/12710","targetHints":{"allow":["GET"]}}],"collection":[{"href":"https:\/\/powiatlwowecki.pl\/plci_json_endpoint\/wp\/v2\/tribe_events"}],"about":[{"href":"https:\/\/powiatlwowecki.pl\/plci_json_endpoint\/wp\/v2\/types\/tribe_events"}],"author":[{"embeddable":true,"href":"https:\/\/powiatlwowecki.pl\/plci_json_endpoint\/wp\/v2\/users\/4"}],"version-history":[{"count":2,"href":"https:\/\/powiatlwowecki.pl\/plci_json_endpoint\/wp\/v2\/tribe_events\/12710\/revisions"}],"predecessor-version":[{"id":12713,"href":"https:\/\/powiatlwowecki.pl\/plci_json_endpoint\/wp\/v2\/tribe_events\/12710\/revisions\/12713"}],"wp:featuredmedia":[{"embeddable":true,"href":"https:\/\/powiatlwowecki.pl\/plci_json_endpoint\/wp\/v2\/media\/12711"}],"wp:attachment":[{"href":"https:\/\/powiatlwowecki.pl\/plci_json_endpoint\/wp\/v2\/media?parent=12710"}],"wp:term":[{"taxonomy":"post_tag","embeddable":true,"href":"https:\/\/powiatlwowecki.pl\/plci_json_endpoint\/wp\/v2\/tags?post=12710"},{"taxonomy":"tribe_events_cat","embeddable":true,"href":"https:\/\/powiatlwowecki.pl\/plci_json_endpoint\/wp\/v2\/tribe_events_cat?post=12710"}],"curies":[{"name":"wp","href":"https:\/\/api.w.org\/{rel}","templated":true}]}}

Spacer ulicą Polną w Gryfowie Śląskim

<div dir="auto">Gawęda, spacer i historia…<span class="html-span xexx8yu xyri2b x18d9i69 x1c1uobl x1hl2dhg x16tdsg8 x1vvkbs x3nfvp2 x1j61x8r x1fcty0u xdj266r xat24cr xm2jcoa x1mpyi22 xxymvpz xlup9mm x1kky2od"><img decoding="async" class="xz74otr x15mokao x1ga7v0g x16uus16 xbiv7yw" src="https://static.xx.fbcdn.net/images/emoji.php/v9/t4c/1/16/1f642.png" alt="🙂" width="16" height="16" /></span></div>
<div dir="auto">Towarzystwo Miłośników Gryfowa Śląskiego zaprasza</div>
<div dir="auto">na wydarzenie pt. „Spacer ulicą Polną” . <span class="html-span xexx8yu xyri2b x18d9i69 x1c1uobl x1hl2dhg x16tdsg8 x1vvkbs x3nfvp2 x1j61x8r x1fcty0u xdj266r xat24cr xm2jcoa x1mpyi22 xxymvpz xlup9mm x1kky2od"><img decoding="async" class="xz74otr x15mokao x1ga7v0g x16uus16 xbiv7yw" src="https://static.xx.fbcdn.net/images/emoji.php/v9/tfc/1/16/1f44d.png" alt="👍" width="16" height="16" /></span></div>
<div dir="auto">Spacer odbędzie się 30 kwietnia (czwartek) 2026 roku o godz. 17.00.</div>
<div dir="auto">Spotykamy się w parku im. Mickiewicza przy ulicy Kolejowej obok podstawy starego pomnika.</div>
<div dir="auto">Zapraszamy!!!</div>
<div dir="auto"><img decoding="async" class="alignnone size-full wp-image-12711" src="https://powiatlwowecki.pl/wp-content/uploads/2026/04/672686478_1401533022014435_2333818789871026171_n.jpg" alt="" width="526" height="789" srcset="https://powiatlwowecki.pl/wp-content/uploads/2026/04/672686478_1401533022014435_2333818789871026171_n-16x24.jpg 16w, https://powiatlwowecki.pl/wp-content/uploads/2026/04/672686478_1401533022014435_2333818789871026171_n-24x36.jpg 24w, https://powiatlwowecki.pl/wp-content/uploads/2026/04/672686478_1401533022014435_2333818789871026171_n-32x48.jpg 32w, https://powiatlwowecki.pl/wp-content/uploads/2026/04/672686478_1401533022014435_2333818789871026171_n-200x300.jpg 200w, https://powiatlwowecki.pl/wp-content/uploads/2026/04/672686478_1401533022014435_2333818789871026171_n-400x600.jpg 400w, https://powiatlwowecki.pl/wp-content/uploads/2026/04/672686478_1401533022014435_2333818789871026171_n.jpg 526w" sizes="(max-width: 526px) 100vw, 526px" /></div>

<p>Gawęda, spacer i historia… Towarzystwo Miłośników Gryfowa Śląskiego zaprasza na wydarzenie pt. „Spacer ulicą Polną” . Spacer odbędzie się 30 kwietnia (czwartek) 2026 roku o godz. 17.00. Spotykamy się w parku im. Mickiewicza przy ulicy  [&#8230;]</p>
