{"id":12699,"date":"2026-04-20T12:39:46","date_gmt":"2026-04-20T10:39:46","guid":{"rendered":"https:\/\/powiatlwowecki.pl\/?post_type=tribe_events&#038;p=12699"},"modified":"2026-04-20T12:39:47","modified_gmt":"2026-04-20T10:39:47","slug":"rozpoczecie-sezonu-rowerowego","status":"publish","type":"tribe_events","link":"https:\/\/powiatlwowecki.pl\/event\/rozpoczecie-sezonu-rowerowego\/","title":{"rendered":"Rozpocz\u0119cie sezonu rowerowego"},"content":{"rendered":"<p class=\"isSelectedEnd\" data-wahfont=\"16\">Wiosna w pe\u0142ni, rowery ju\u017c pewnie przygotowane, wi\u0119c czas na co\u015b, na co czekamy ca\u0142y rok \u2013 <strong>22. Otwarcie Sezonu Rowerowego<\/strong>!<\/p>\n<p class=\"isSelectedEnd\" data-wahfont=\"16\">W tym roku ponownie wybieramy si\u0119 do naszych s\u0105siad\u00f3w i przyjaci\u00f3\u0142 \u2013 start rajdu odb\u0119dzie si\u0119 w <strong>Zaclerzu (Czechy)<\/strong>, tradycyjnie o godzinie <strong>10:00 na placu przed muzeum<\/strong>. To doskona\u0142a okazja, \u017ceby wsp\u00f3lnie rozpocz\u0105\u0107 sezon, nacieszy\u0107 si\u0119 jazd\u0105 i pi\u0119knymi trasami po czeskiej stronie.<\/p>\n<p class=\"isSelectedEnd\" data-wahfont=\"16\">A to jeszcze nie wszystko! <img decoding=\"async\" class=\"emoji\" role=\"img\" draggable=\"false\" src=\"https:\/\/s.w.org\/images\/core\/emoji\/17.0.2\/svg\/1f389.svg\" alt=\"\ud83c\udf89\" \/><\/p>\n<p data-wahfont=\"16\">link do zapis\u00f3w: <a href=\"https:\/\/powiatlwowecki.pl\/nie-mogliscie-sie-doczekac-my-tez-nie-%f0%9f%9a%b4%e2%99%82%ef%b8%8f\/?fbclid=IwY2xjawRS4NJleHRuA2FlbQIxMABicmlkETBkOExEa3RqN3FSQWdXRzRWc3J0YwZhcHBfaWQQMjIyMDM5MTc4ODIwMDg5MgABHgyLQK0Xo3sSr3nCzZSxLt95oR2LHc6YB7EeM8URDUuHgnlpVPzcJR2iUHNA_aem_3CEe0BFe6wgJwlldx3fOwQ\" target=\"_blank\" rel=\"noopener\"><span style=\"font-size: 14pt; color: #ff6600;\"><strong>TUTAJ<\/strong><\/span><\/a><\/p>\n<p class=\"isSelectedEnd\" data-wahfont=\"16\">Na uczestnik\u00f3w czeka oko\u0142o <strong>40-kilometrowa trasa<\/strong>, prowadz\u0105ca przez malownicze tereny po czeskiej stronie.<br \/>\nMeta wydarzenia b\u0119dzie w nowym miejscu \u2013 rajd zako\u0144czymy na <strong>nowo wyremontowanym stadionie pi\u0142karskim<\/strong>, gdzie na wszystkich uczestnik\u00f3w czeka\u0107 b\u0119dzie <strong>pocz\u0119stunek oraz pami\u0105tkowy upominek<\/strong>.<\/p>\n<p class=\"isSelectedEnd\" data-wahfont=\"16\">Jak zawsze \u2013 mo\u017cecie liczy\u0107 na nas!<br \/>\n<strong>Powiat Lw\u00f3wecki zapewnia transport<\/strong> na miejsce startu. Zbi\u00f3rka uczestnik\u00f3w odb\u0119dzie si\u0119 o godzinie <strong>7:00 przy stadionie w Lw\u00f3wku \u015al\u0105skim<\/strong>.<\/p>\n<p data-wahfont=\"16\">Chcecie wzi\u0105\u0107 udzia\u0142? To bardzo proste \u2013 wystarczy przes\u0142a\u0107 <strong>podpisane zg\u0142oszenie (promocja@powiatlwowecki.pl)<\/strong><\/p>\n<p data-wahfont=\"16\">Zabierzcie dobr<img decoding=\"async\" class=\"alignnone size-full wp-image-12618\" src=\"https:\/\/powiatlwowecki.pl\/wp-content\/uploads\/2026\/04\/ChatGPT-Image-17-kwi-2026-08_43_46.png\" alt=\"\" width=\"1536\" height=\"1024\" srcset=\"https:\/\/powiatlwowecki.pl\/wp-content\/uploads\/2026\/04\/ChatGPT-Image-17-kwi-2026-08_43_46-24x16.png 24w, https:\/\/powiatlwowecki.pl\/wp-content\/uploads\/2026\/04\/ChatGPT-Image-17-kwi-2026-08_43_46-36x24.png 36w, https:\/\/powiatlwowecki.pl\/wp-content\/uploads\/2026\/04\/ChatGPT-Image-17-kwi-2026-08_43_46-48x32.png 48w, https:\/\/powiatlwowecki.pl\/wp-content\/uploads\/2026\/04\/ChatGPT-Image-17-kwi-2026-08_43_46-200x133.png 200w, https:\/\/powiatlwowecki.pl\/wp-content\/uploads\/2026\/04\/ChatGPT-Image-17-kwi-2026-08_43_46-300x200.png 300w, https:\/\/powiatlwowecki.pl\/wp-content\/uploads\/2026\/04\/ChatGPT-Image-17-kwi-2026-08_43_46-400x267.png 400w, https:\/\/powiatlwowecki.pl\/wp-content\/uploads\/2026\/04\/ChatGPT-Image-17-kwi-2026-08_43_46-600x400.png 600w, https:\/\/powiatlwowecki.pl\/wp-content\/uploads\/2026\/04\/ChatGPT-Image-17-kwi-2026-08_43_46-768x512.png 768w, https:\/\/powiatlwowecki.pl\/wp-content\/uploads\/2026\/04\/ChatGPT-Image-17-kwi-2026-08_43_46-800x533.png 800w, https:\/\/powiatlwowecki.pl\/wp-content\/uploads\/2026\/04\/ChatGPT-Image-17-kwi-2026-08_43_46-1024x683.png 1024w, https:\/\/powiatlwowecki.pl\/wp-content\/uploads\/2026\/04\/ChatGPT-Image-17-kwi-2026-08_43_46-1200x800.png 1200w, https:\/\/powiatlwowecki.pl\/wp-content\/uploads\/2026\/04\/ChatGPT-Image-17-kwi-2026-08_43_46.png 1536w\" sizes=\"(max-width: 1536px) 100vw, 1536px\" \/>y humor, sprawne rowery i do\u0142\u0105czcie do nas \u2013 rozpocznijmy ten sezon razem, tak jak lubimy najbardziej! <img decoding=\"async\" class=\"emoji\" role=\"img\" draggable=\"false\" src=\"https:\/\/s.w.org\/images\/core\/emoji\/17.0.2\/svg\/1f6b4-200d-2640-fe0f.svg\" alt=\"\ud83d\udeb4\u200d\u2640\ufe0f\" \/><\/p>\n<p data-wahfont=\"16\">\n","protected":false},"excerpt":{"rendered":"<p>Wiosna w pe\u0142ni, rowery ju\u017c pewnie przygotowane, wi\u0119c czas na co\u015b, na co czekamy ca\u0142y rok \u2013 22. Otwarcie Sezonu Rowerowego! W tym roku ponownie wybieramy si\u0119 do naszych s\u0105siad\u00f3w i przyjaci\u00f3\u0142 \u2013 start rajdu  [&#8230;]<\/p>\n","protected":false},"author":4,"featured_media":12618,"template":"","meta":{"_acf_changed":false,"_tribe_events_status":"","_tribe_events_status_reason":"","_tribe_events_is_hybrid":"","_tribe_events_is_virtual":"","_tribe_events_virtual_video_source":"","_tribe_events_virtual_embed_video":"","_tribe_events_virtual_linked_button_text":"","_tribe_events_virtual_linked_button":"","_tribe_events_virtual_show_embed_at":"","_tribe_events_virtual_show_embed_to":[],"_tribe_events_virtual_show_on_event":"","_tribe_events_virtual_show_on_views":"","_tribe_events_virtual_url":"","footnotes":""},"tags":[],"tribe_events_cat":[],"class_list":["post-12699","tribe_events","type-tribe_events","status-publish","has-post-thumbnail","hentry"],"acf":[],"_links":{"self":[{"href":"https:\/\/powiatlwowecki.pl\/plci_json_endpoint\/wp\/v2\/tribe_events\/12699","targetHints":{"allow":["GET"]}}],"collection":[{"href":"https:\/\/powiatlwowecki.pl\/plci_json_endpoint\/wp\/v2\/tribe_events"}],"about":[{"href":"https:\/\/powiatlwowecki.pl\/plci_json_endpoint\/wp\/v2\/types\/tribe_events"}],"author":[{"embeddable":true,"href":"https:\/\/powiatlwowecki.pl\/plci_json_endpoint\/wp\/v2\/users\/4"}],"version-history":[{"count":1,"href":"https:\/\/powiatlwowecki.pl\/plci_json_endpoint\/wp\/v2\/tribe_events\/12699\/revisions"}],"predecessor-version":[{"id":12701,"href":"https:\/\/powiatlwowecki.pl\/plci_json_endpoint\/wp\/v2\/tribe_events\/12699\/revisions\/12701"}],"wp:featuredmedia":[{"embeddable":true,"href":"https:\/\/powiatlwowecki.pl\/plci_json_endpoint\/wp\/v2\/media\/12618"}],"wp:attachment":[{"href":"https:\/\/powiatlwowecki.pl\/plci_json_endpoint\/wp\/v2\/media?parent=12699"}],"wp:term":[{"taxonomy":"post_tag","embeddable":true,"href":"https:\/\/powiatlwowecki.pl\/plci_json_endpoint\/wp\/v2\/tags?post=12699"},{"taxonomy":"tribe_events_cat","embeddable":true,"href":"https:\/\/powiatlwowecki.pl\/plci_json_endpoint\/wp\/v2\/tribe_events_cat?post=12699"}],"curies":[{"name":"wp","href":"https:\/\/api.w.org\/{rel}","templated":true}]}}

Rozpoczęcie sezonu rowerowego

<p class="isSelectedEnd" data-wahfont="16">Wiosna w pełni, rowery już pewnie przygotowane, więc czas na coś, na co czekamy cały rok – <strong>22. Otwarcie Sezonu Rowerowego</strong>!</p>
<p class="isSelectedEnd" data-wahfont="16">W tym roku ponownie wybieramy się do naszych sąsiadów i przyjaciół – start rajdu odbędzie się w <strong>Zaclerzu (Czechy)</strong>, tradycyjnie o godzinie <strong>10:00 na placu przed muzeum</strong>. To doskonała okazja, żeby wspólnie rozpocząć sezon, nacieszyć się jazdą i pięknymi trasami po czeskiej stronie.</p>
<p class="isSelectedEnd" data-wahfont="16">A to jeszcze nie wszystko! <img decoding="async" class="emoji" role="img" draggable="false" src="https://s.w.org/images/core/emoji/17.0.2/svg/1f389.svg" alt="🎉" /></p>
<p data-wahfont="16">link do zapisów: <a href="https://powiatlwowecki.pl/nie-mogliscie-sie-doczekac-my-tez-nie-%f0%9f%9a%b4%e2%99%82%ef%b8%8f/?fbclid=IwY2xjawRS4NJleHRuA2FlbQIxMABicmlkETBkOExEa3RqN3FSQWdXRzRWc3J0YwZhcHBfaWQQMjIyMDM5MTc4ODIwMDg5MgABHgyLQK0Xo3sSr3nCzZSxLt95oR2LHc6YB7EeM8URDUuHgnlpVPzcJR2iUHNA_aem_3CEe0BFe6wgJwlldx3fOwQ" target="_blank" rel="noopener"><span style="font-size: 14pt; color: #ff6600;"><strong>TUTAJ</strong></span></a></p>
<p class="isSelectedEnd" data-wahfont="16">Na uczestników czeka około <strong>40-kilometrowa trasa</strong>, prowadząca przez malownicze tereny po czeskiej stronie.<br />
Meta wydarzenia będzie w nowym miejscu – rajd zakończymy na <strong>nowo wyremontowanym stadionie piłkarskim</strong>, gdzie na wszystkich uczestników czekać będzie <strong>poczęstunek oraz pamiątkowy upominek</strong>.</p>
<p class="isSelectedEnd" data-wahfont="16">Jak zawsze – możecie liczyć na nas!<br />
<strong>Powiat Lwówecki zapewnia transport</strong> na miejsce startu. Zbiórka uczestników odbędzie się o godzinie <strong>7:00 przy stadionie w Lwówku Śląskim</strong>.</p>
<p data-wahfont="16">Chcecie wziąć udział? To bardzo proste – wystarczy przesłać <strong>podpisane zgłoszenie (promocja@powiatlwowecki.pl)</strong></p>
<p data-wahfont="16">Zabierzcie dobr<img decoding="async" class="alignnone size-full wp-image-12618" src="https://powiatlwowecki.pl/wp-content/uploads/2026/04/ChatGPT-Image-17-kwi-2026-08_43_46.png" alt="" width="1536" height="1024" srcset="https://powiatlwowecki.pl/wp-content/uploads/2026/04/ChatGPT-Image-17-kwi-2026-08_43_46-24x16.png 24w, https://powiatlwowecki.pl/wp-content/uploads/2026/04/ChatGPT-Image-17-kwi-2026-08_43_46-36x24.png 36w, https://powiatlwowecki.pl/wp-content/uploads/2026/04/ChatGPT-Image-17-kwi-2026-08_43_46-48x32.png 48w, https://powiatlwowecki.pl/wp-content/uploads/2026/04/ChatGPT-Image-17-kwi-2026-08_43_46-200x133.png 200w, https://powiatlwowecki.pl/wp-content/uploads/2026/04/ChatGPT-Image-17-kwi-2026-08_43_46-300x200.png 300w, https://powiatlwowecki.pl/wp-content/uploads/2026/04/ChatGPT-Image-17-kwi-2026-08_43_46-400x267.png 400w, https://powiatlwowecki.pl/wp-content/uploads/2026/04/ChatGPT-Image-17-kwi-2026-08_43_46-600x400.png 600w, https://powiatlwowecki.pl/wp-content/uploads/2026/04/ChatGPT-Image-17-kwi-2026-08_43_46-768x512.png 768w, https://powiatlwowecki.pl/wp-content/uploads/2026/04/ChatGPT-Image-17-kwi-2026-08_43_46-800x533.png 800w, https://powiatlwowecki.pl/wp-content/uploads/2026/04/ChatGPT-Image-17-kwi-2026-08_43_46-1024x683.png 1024w, https://powiatlwowecki.pl/wp-content/uploads/2026/04/ChatGPT-Image-17-kwi-2026-08_43_46-1200x800.png 1200w, https://powiatlwowecki.pl/wp-content/uploads/2026/04/ChatGPT-Image-17-kwi-2026-08_43_46.png 1536w" sizes="(max-width: 1536px) 100vw, 1536px" />y humor, sprawne rowery i dołączcie do nas – rozpocznijmy ten sezon razem, tak jak lubimy najbardziej! <img decoding="async" class="emoji" role="img" draggable="false" src="https://s.w.org/images/core/emoji/17.0.2/svg/1f6b4-200d-2640-fe0f.svg" alt="🚴‍♀️" /></p>
<p data-wahfont="16">

<p>Wiosna w pełni, rowery już pewnie przygotowane, więc czas na coś, na co czekamy cały rok – 22. Otwarcie Sezonu Rowerowego! W tym roku ponownie wybieramy się do naszych sąsiadów i przyjaciół – start rajdu  [&#8230;]</p>
