{"id":10000056,"date":"2026-04-20T21:22:16","date_gmt":"2026-04-20T19:22:16","guid":{"rendered":"https:\/\/powiatlwowecki.pl\/?post_type=tribe_events&#038;p=12733"},"modified":"2026-04-21T08:22:07","modified_gmt":"2026-04-21T06:22:07","slug":"12733","status":"publish","type":"tribe_events","link":"https:\/\/powiatlwowecki.pl\/event\/12733\/2026-05-02\/","title":{"rendered":"Kawiarenka KGW"},"content":{"rendered":"<p><img decoding=\"async\" class=\"alignnone size-full wp-image-12734\" src=\"https:\/\/powiatlwowecki.pl\/wp-content\/uploads\/2026\/04\/FB_IMG_1776712807060.jpg\" alt=\"\" width=\"1024\" height=\"1536\" srcset=\"https:\/\/powiatlwowecki.pl\/wp-content\/uploads\/2026\/04\/FB_IMG_1776712807060-16x24.jpg 16w, https:\/\/powiatlwowecki.pl\/wp-content\/uploads\/2026\/04\/FB_IMG_1776712807060-24x36.jpg 24w, https:\/\/powiatlwowecki.pl\/wp-content\/uploads\/2026\/04\/FB_IMG_1776712807060-32x48.jpg 32w, https:\/\/powiatlwowecki.pl\/wp-content\/uploads\/2026\/04\/FB_IMG_1776712807060-200x300.jpg 200w, https:\/\/powiatlwowecki.pl\/wp-content\/uploads\/2026\/04\/FB_IMG_1776712807060-400x600.jpg 400w, https:\/\/powiatlwowecki.pl\/wp-content\/uploads\/2026\/04\/FB_IMG_1776712807060-600x900.jpg 600w, https:\/\/powiatlwowecki.pl\/wp-content\/uploads\/2026\/04\/FB_IMG_1776712807060-683x1024.jpg 683w, https:\/\/powiatlwowecki.pl\/wp-content\/uploads\/2026\/04\/FB_IMG_1776712807060-768x1152.jpg 768w, https:\/\/powiatlwowecki.pl\/wp-content\/uploads\/2026\/04\/FB_IMG_1776712807060-800x1200.jpg 800w, https:\/\/powiatlwowecki.pl\/wp-content\/uploads\/2026\/04\/FB_IMG_1776712807060.jpg 1024w\" sizes=\"(max-width: 1024px) 100vw, 1024px\" \/>Ko\u0142o Gospody\u0144 Wiejskich serdecznie zaprasza po raz kolejny wszystkich mieszka\u0144c\u00f3w oraz go\u015bci na nasz\u0105 Maj\u00f3wkow\u0105 Kawiarenk\u0119 \u2615\ud83c\udf70<\/p>\n<p>&nbsp;<\/p>\n<p>To doskona\u0142a okazja, aby wsp\u00f3lnie sp\u0119dzi\u0107 czas, porozmawia\u0107 i poczu\u0107 prawdziwy klimat maj\u00f3wki \ud83c\udf3c<\/p>\n<p>&nbsp;<\/p>\n<p>Zabierzcie rodzin\u0119, znajomych i dobry humor \u2014 widzimy si\u0119 na Maj\u00f3wkowej Kawiarenkce! \ud83d\udc9b<\/p>\n<p>&nbsp;<\/p>\n<p>Do zobaczenia!<\/p>\n","protected":false},"excerpt":{"rendered":"<p>Ko\u0142o Gospody\u0144 Wiejskich serdecznie zaprasza po raz kolejny wszystkich mieszka\u0144c\u00f3w oraz go\u015bci na nasz\u0105 Maj\u00f3wkow\u0105 Kawiarenk\u0119 \u2615\ud83c\udf70 &nbsp; To doskona\u0142a okazja, aby wsp\u00f3lnie sp\u0119dzi\u0107 czas, porozmawia\u0107 i poczu\u0107 prawdziwy klimat maj\u00f3wki \ud83c\udf3c &nbsp; Zabierzcie rodzin\u0119,  [&#8230;]<\/p>\n","protected":false},"author":4,"featured_media":12734,"template":"","meta":{"_acf_changed":false,"_tribe_events_status":"","_tribe_events_status_reason":"","_tribe_events_is_hybrid":"","_tribe_events_is_virtual":"","_tribe_events_virtual_video_source":"","_tribe_events_virtual_embed_video":"","_tribe_events_virtual_linked_button_text":"","_tribe_events_virtual_linked_button":"","_tribe_events_virtual_show_embed_at":"","_tribe_events_virtual_show_embed_to":[],"_tribe_events_virtual_show_on_event":"","_tribe_events_virtual_show_on_views":"","_tribe_events_virtual_url":"","footnotes":""},"tags":[],"tribe_events_cat":[],"class_list":["post-10000056","tribe_events","type-tribe_events","status-publish","has-post-thumbnail","hentry","tribe-recurring-event","tribe-recurring-event-parent"],"acf":[],"_links":{"self":[{"href":"https:\/\/powiatlwowecki.pl\/plci_json_endpoint\/wp\/v2\/tribe_events\/10000056","targetHints":{"allow":["GET"]}}],"collection":[{"href":"https:\/\/powiatlwowecki.pl\/plci_json_endpoint\/wp\/v2\/tribe_events"}],"about":[{"href":"https:\/\/powiatlwowecki.pl\/plci_json_endpoint\/wp\/v2\/types\/tribe_events"}],"author":[{"embeddable":true,"href":"https:\/\/powiatlwowecki.pl\/plci_json_endpoint\/wp\/v2\/users\/4"}],"version-history":[{"count":0,"href":"https:\/\/powiatlwowecki.pl\/plci_json_endpoint\/wp\/v2\/tribe_events\/10000056\/revisions"}],"wp:featuredmedia":[{"embeddable":true,"href":"https:\/\/powiatlwowecki.pl\/plci_json_endpoint\/wp\/v2\/media\/12734"}],"wp:attachment":[{"href":"https:\/\/powiatlwowecki.pl\/plci_json_endpoint\/wp\/v2\/media?parent=10000056"}],"wp:term":[{"taxonomy":"post_tag","embeddable":true,"href":"https:\/\/powiatlwowecki.pl\/plci_json_endpoint\/wp\/v2\/tags?post=10000056"},{"taxonomy":"tribe_events_cat","embeddable":true,"href":"https:\/\/powiatlwowecki.pl\/plci_json_endpoint\/wp\/v2\/tribe_events_cat?post=10000056"}],"curies":[{"name":"wp","href":"https:\/\/api.w.org\/{rel}","templated":true}]}}

<p><img decoding="async" class="alignnone size-full wp-image-12734" src="https://powiatlwowecki.pl/wp-content/uploads/2026/04/FB_IMG_1776712807060.jpg" alt="" width="1024" height="1536" srcset="https://powiatlwowecki.pl/wp-content/uploads/2026/04/FB_IMG_1776712807060-16x24.jpg 16w, https://powiatlwowecki.pl/wp-content/uploads/2026/04/FB_IMG_1776712807060-24x36.jpg 24w, https://powiatlwowecki.pl/wp-content/uploads/2026/04/FB_IMG_1776712807060-32x48.jpg 32w, https://powiatlwowecki.pl/wp-content/uploads/2026/04/FB_IMG_1776712807060-200x300.jpg 200w, https://powiatlwowecki.pl/wp-content/uploads/2026/04/FB_IMG_1776712807060-400x600.jpg 400w, https://powiatlwowecki.pl/wp-content/uploads/2026/04/FB_IMG_1776712807060-600x900.jpg 600w, https://powiatlwowecki.pl/wp-content/uploads/2026/04/FB_IMG_1776712807060-683x1024.jpg 683w, https://powiatlwowecki.pl/wp-content/uploads/2026/04/FB_IMG_1776712807060-768x1152.jpg 768w, https://powiatlwowecki.pl/wp-content/uploads/2026/04/FB_IMG_1776712807060-800x1200.jpg 800w, https://powiatlwowecki.pl/wp-content/uploads/2026/04/FB_IMG_1776712807060.jpg 1024w" sizes="(max-width: 1024px) 100vw, 1024px" />Koło Gospodyń Wiejskich serdecznie zaprasza po raz kolejny wszystkich mieszkańców oraz gości na naszą Majówkową Kawiarenkę ☕🍰</p>
<p>&nbsp;</p>
<p>To doskonała okazja, aby wspólnie spędzić czas, porozmawiać i poczuć prawdziwy klimat majówki 🌼</p>
<p>&nbsp;</p>
<p>Zabierzcie rodzinę, znajomych i dobry humor — widzimy się na Majówkowej Kawiarenkce! 💛</p>
<p>&nbsp;</p>
<p>Do zobaczenia!</p>

<p>Koło Gospodyń Wiejskich serdecznie zaprasza po raz kolejny wszystkich mieszkańców oraz gości na naszą Majówkową Kawiarenkę ☕🍰 &nbsp; To doskonała okazja, aby wspólnie spędzić czas, porozmawiać i poczuć prawdziwy klimat majówki 🌼 &nbsp; Zabierzcie rodzinę,  [&#8230;]</p>
