{"id":9875,"date":"2025-05-19T14:04:05","date_gmt":"2025-05-19T12:04:05","guid":{"rendered":"https:\/\/powiatlwowecki.pl\/?page_id=9875"},"modified":"2025-05-19T14:57:42","modified_gmt":"2025-05-19T12:57:42","slug":"pzoon-procedura-odwolawcza","status":"publish","type":"page","link":"https:\/\/powiatlwowecki.pl\/pzoon-procedura-odwolawcza\/","title":{"rendered":"pzoon procedura odwo\u0142awcza"},"content":{"rendered":"<div class=\"fusion-fullwidth fullwidth-box fusion-builder-row-1 fusion-flex-container nonhundred-percent-fullwidth non-hundred-percent-height-scrolling\" style=\"--awb-border-radius-top-left:0px;--awb-border-radius-top-right:0px;--awb-border-radius-bottom-right:0px;--awb-border-radius-bottom-left:0px;--awb-flex-wrap:wrap;\" ><div class=\"fusion-builder-row fusion-row fusion-flex-align-items-flex-start fusion-flex-content-wrap\" style=\"max-width:1248px;margin-left: calc(-4% \/ 2 );margin-right: calc(-4% \/ 2 );\"><div class=\"fusion-layout-column fusion_builder_column fusion-builder-column-0 fusion_builder_column_1_1 1_1 fusion-flex-column\" style=\"--awb-bg-size:cover;--awb-width-large:100%;--awb-margin-top-large:0px;--awb-spacing-right-large:1.92%;--awb-margin-bottom-large:0px;--awb-spacing-left-large:1.92%;--awb-width-medium:100%;--awb-spacing-right-medium:1.92%;--awb-spacing-left-medium:1.92%;--awb-width-small:100%;--awb-spacing-right-small:1.92%;--awb-spacing-left-small:1.92%;\"><div class=\"fusion-column-wrapper fusion-flex-justify-content-flex-start fusion-content-layout-column\"><\/div><\/div><div class=\"fusion-layout-column fusion_builder_column fusion-builder-column-1 fusion_builder_column_3_4 3_4 fusion-flex-column\" style=\"--awb-bg-size:cover;--awb-width-large:75%;--awb-margin-top-large:0px;--awb-spacing-right-large:2.56%;--awb-margin-bottom-large:20px;--awb-spacing-left-large:2.56%;--awb-width-medium:100%;--awb-order-medium:0;--awb-spacing-right-medium:1.92%;--awb-spacing-left-medium:1.92%;--awb-width-small:100%;--awb-order-small:0;--awb-spacing-right-small:1.92%;--awb-spacing-left-small:1.92%;\"><div class=\"fusion-column-wrapper fusion-column-has-shadow fusion-flex-justify-content-flex-start fusion-content-layout-column\"><div class=\"fusion-text fusion-text-1\"><p><strong>Odwo\u0142anie od orzeczenia <\/strong><\/p>\n<p>Je\u015bli osoba Zainteresowana nie zgadza si\u0119 z tre\u015bci\u0105 orzeczenia o\u00a0niepe\u0142nosprawno\u015bci lub o stopniu niepe\u0142nosprawno\u015bci, mo\u017ce wnie\u015b\u0107 odwo\u0142anie do:<\/p>\n<p><strong>Wojew\u00f3dzkiego Zespo\u0142u do Spraw Orzekania o Niepe\u0142nosprawno\u015bci we\u00a0Wroc\u0142awiu <\/strong><\/p>\n<p><strong>Plac Powsta\u0144c\u00f3w Warszawy 1<\/strong><\/p>\n<p><strong>50-153 Wroc\u0142aw <\/strong><\/p>\n<p><strong><u>za po\u015brednictwem Powiatowego Zespo\u0142u w Lw\u00f3wku \u015al\u0105skim.<\/u><\/strong><\/p>\n<p><strong>Termin na z\u0142o\u017cenie odwo\u0142ania to 14 dni od dnia dor\u0119czenia orzeczenia.<\/strong><\/p>\n<p>Po z\u0142o\u017ceniu odwo\u0142ania ten sam Sk\u0142ad Orzekaj\u0105cy, kt\u00f3ry wyda\u0142 zaskar\u017con\u0105 decyzj\u0119, ma 7\u00a0dni na weryfikacj\u0119 wydanego orzeczenia. Je\u015bli Sk\u0142ad Orzekaj\u0105cy zgodzi si\u0119 w ca\u0142o\u015bci z\u00a0argumentacj\u0105 sk\u0142adaj\u0105cego odwo\u0142anie, mo\u017ce uchyli\u0107 zaskar\u017cone orzeczenie i wyda\u0107 nowe (na otrzymanie takiego orzeczenia czeka si\u0119 kolejnych 14 dni). Je\u015bli Sk\u0142ad Orzekaj\u0105cy podtrzymuje wydane wcze\u015bniej orzeczenie, odwo\u0142anie wraz z aktami sprawy (w tym ca\u0142o\u015bci\u0105 z\u0142o\u017conej dokumentacji medycznej) przesy\u0142a si\u0119 do Zespo\u0142u Wojew\u00f3dzkiego we Wroc\u0142awiu, kt\u00f3ry przeprowadza w\u0142asne post\u0119powanie orzecznicze ko\u0144cz\u0105c je wydaniem orzeczenia.<\/p>\n<p>Je\u017celi decyzja Wojew\u00f3dzkiego \u00a0Zespo\u0142u nadal nie b\u0119dzie satysfakcjonuj\u0105ca, kolejne odwo\u0142anie sk\u0142adamy do S\u0105du Pracy i Ubezpiecze\u0144 Spo\u0142ecznych w\u0142a\u015bciwego dla miejsca zamieszkania odwo\u0142uj\u0105cego si\u0119, za po\u015brednictwem Zespo\u0142u Wojew\u00f3dzkiego, kt\u00f3ry wyda\u0142 orzeczenie w II instancji, w terminie 30 dni od dnia otrzymania orzeczenia WZON<\/p>\n<p>Nale\u017cy pami\u0119ta\u0107, \u017ce w czasie trwania post\u0119powania odwo\u0142awczego, to jest od dnia z\u0142o\u017cenia odwo\u0142ania do dnia uprawomocnienia si\u0119 orzeczenia ko\u0144cz\u0105cego takie post\u0119powanie, nie jest mo\u017cliwe uzyskanie legitymacji osoby niepe\u0142nosprawnej ani \u00a0karty parkingowej.<\/p>\n<p><strong> Zrzeczenie si\u0119 prawa do odwo\u0142ania<\/strong><\/p>\n<p>W trakcie biegu terminu do wniesienia odwo\u0142ania stronie przys\u0142uguje prawo zrzeczenia si\u0119 prawa do wniesienia odwo\u0142ania. Z dniem dor\u0119czenia organowi o\u015bwiadczenia o zrzeczeniu si\u0119 prawa do wniesienia odwo\u0142ania orzeczenie staje si\u0119 ostateczne i prawomocne.<\/p>\n<ul>\n<li>wz\u00f3r o\u015bwiadczenia dost\u0119pny jest:<\/li>\n<li>w siedzibie Zespo\u0142u,<\/li>\n<li>na stronie internetowej Powiatu Lw\u00f3weckiego: <a href=\"www.powiatlwowecki.pl\">powiatlwowecki.pl<\/a>, zak\u0142adka: Urz\u0105d, zak\u0142adka: Powiatowy Zesp\u00f3\u0142 ds. Orzekania o\u00a0Niepe\u0142nosprawno\u015bci, zak\u0142adka:\u00a0 Pliki do pobrania;<\/li>\n<\/ul>\n<p><a href=\"https:\/\/powiatlwowecki.pl\/wydzialy\/powiatowy-zespol-ds-orzekania-o-niepelnosprawnosci\/\"> https:\/\/powiatlwowecki.pl\/wydzialy\/powiatowy-zespol-ds-orzekania-o-niepelnosprawnosci\/<\/a><\/p>\n<\/div><\/div><\/div><div class=\"fusion-layout-column fusion_builder_column fusion-builder-column-2 fusion_builder_column_1_4 1_4 fusion-flex-column\" style=\"--awb-bg-size:cover;--awb-width-large:25%;--awb-margin-top-large:0px;--awb-spacing-right-large:7.68%;--awb-margin-bottom-large:20px;--awb-spacing-left-large:7.68%;--awb-width-medium:100%;--awb-order-medium:0;--awb-spacing-right-medium:1.92%;--awb-spacing-left-medium:1.92%;--awb-width-small:100%;--awb-order-small:0;--awb-spacing-right-small:1.92%;--awb-spacing-left-small:1.92%;\"><div class=\"fusion-column-wrapper fusion-column-has-shadow fusion-flex-justify-content-flex-start fusion-content-layout-column\"><div class=\"fusion-content-boxes content-boxes columns row fusion-columns-1 fusion-columns-total-7 fusion-content-boxes-1 content-boxes-icon-with-title content-left\" style=\"--awb-hover-accent-color:#f44336;--awb-circle-hover-accent-color:#f44336;--awb-item-margin-bottom:40px;\" data-animationOffset=\"top-into-view\"><div style=\"--awb-backgroundcolor:rgba(255,193,7,0.72);\" class=\"fusion-column content-box-column content-box-column content-box-column-1 col-lg-12 col-md-12 col-sm-12 fusion-content-box-hover content-box-column-last-in-row\"><div class=\"col content-box-wrapper content-wrapper-background link-area-link-icon link-type-text content-icon-wrapper-yes icon-hover-animation-slide\" data-animationOffset=\"top-into-view\"><div class=\"heading icon-left\"><a class=\"heading-link\" style=\"float:left;\" href=\"https:\/\/powiatlwowecki.pl\/powiatowy-zespol-ds-orzekania-o-niepelnosprawnosci\/\" target=\"_self\"><h2 class=\"content-box-heading\" style=\"--h2_typography-font-size:15px;line-height:20px;\">Strona g\u0142\u00f3wna<\/h2><\/a><\/div><\/div><\/div><div style=\"--awb-backgroundcolor:rgba(255,193,7,0.72);\" class=\"fusion-column content-box-column content-box-column content-box-column-2 col-lg-12 col-md-12 col-sm-12 fusion-content-box-hover content-box-column-last-in-row\"><div class=\"col content-box-wrapper content-wrapper-background link-area-link-icon link-type-text content-icon-wrapper-yes icon-hover-animation-slide\" data-animationOffset=\"top-into-view\"><div class=\"heading icon-left\"><a class=\"heading-link\" style=\"float:left;\" href=\"https:\/\/powiatlwowecki.pl\/pzoon-procedura-wydania-orzeczenia\/\" target=\"_self\"><h2 class=\"content-box-heading\" style=\"--h2_typography-font-size:15px;line-height:20px;\">Procedura wydania orzeczenia<\/h2><\/a><\/div><\/div><\/div><div style=\"--awb-backgroundcolor:rgba(255,193,7,0.72);\" class=\"fusion-column content-box-column content-box-column content-box-column-3 col-lg-12 col-md-12 col-sm-12 fusion-content-box-hover content-box-column-last-in-row\"><div class=\"col content-box-wrapper content-wrapper-background link-area-link-icon link-type-text content-icon-wrapper-yes icon-hover-animation-slide\" data-animationOffset=\"top-into-view\"><div class=\"heading icon-left\"><a class=\"heading-link\" style=\"float:left;\" href=\"https:\/\/powiatlwowecki.pl\/pzoon-procedura-odwolawcza\/\" target=\"_self\"><h2 class=\"content-box-heading\" style=\"--h2_typography-font-size:15px;line-height:20px;\">Procedura odwo\u0142awcza<\/h2><\/a><\/div><\/div><\/div><div style=\"--awb-backgroundcolor:rgba(255,193,7,0.72);\" class=\"fusion-column content-box-column content-box-column content-box-column-4 col-lg-12 col-md-12 col-sm-12 fusion-content-box-hover content-box-column-last-in-row\"><div class=\"col content-box-wrapper content-wrapper-background link-area-link-icon link-type-text content-icon-wrapper-yes icon-hover-animation-slide\" data-animationOffset=\"top-into-view\"><div class=\"heading icon-left\"><a class=\"heading-link\" style=\"float:left;\" href=\"https:\/\/powiatlwowecki.pl\/pzoon-legitymacje\/\" target=\"_self\"><h2 class=\"content-box-heading\" style=\"--h2_typography-font-size:15px;line-height:20px;\">Legitymacje<\/h2><\/a><\/div><\/div><\/div><div style=\"--awb-backgroundcolor:rgba(255,193,7,0.72);\" class=\"fusion-column content-box-column content-box-column content-box-column-5 col-lg-12 col-md-12 col-sm-12 fusion-content-box-hover content-box-column-last-in-row\"><div class=\"col content-box-wrapper content-wrapper-background link-area-link-icon link-type-text content-icon-wrapper-yes icon-hover-animation-slide\" data-animationOffset=\"top-into-view\"><div class=\"heading icon-left\"><a class=\"heading-link\" style=\"float:left;\" href=\"https:\/\/powiatlwowecki.pl\/pzoon-karta-parkingowa\/\" target=\"_self\"><h2 class=\"content-box-heading\" style=\"--h2_typography-font-size:15px;line-height:20px;\">Karta parkingowa<\/h2><\/a><\/div><\/div><\/div><div style=\"--awb-backgroundcolor:rgba(255,193,7,0.72);\" class=\"fusion-column content-box-column content-box-column content-box-column-6 col-lg-12 col-md-12 col-sm-12 fusion-content-box-hover content-box-column-last-in-row\"><div class=\"col content-box-wrapper content-wrapper-background link-area-link-icon link-type-text content-icon-wrapper-yes icon-hover-animation-slide\" data-animationOffset=\"top-into-view\"><div class=\"heading icon-left\"><a class=\"heading-link\" style=\"float:left;\" href=\"https:\/\/powiatlwowecki.pl\/pzoon-swiadczenie-wspierajace\/\" target=\"_self\"><h2 class=\"content-box-heading\" style=\"--h2_typography-font-size:15px;line-height:20px;\">\u015awiadczenie wspieraj\u0105ce<\/h2><\/a><\/div><\/div><\/div><div style=\"--awb-backgroundcolor:rgba(255,193,7,0.72);\" class=\"fusion-column content-box-column content-box-column content-box-column-7 col-lg-12 col-md-12 col-sm-12 fusion-content-box-hover content-box-column-last content-box-column-last-in-row\"><div class=\"col content-box-wrapper content-wrapper-background link-area-link-icon link-type-text content-icon-wrapper-yes icon-hover-animation-slide\" data-animationOffset=\"top-into-view\"><div class=\"heading icon-left\"><a class=\"heading-link\" style=\"float:left;\" href=\"https:\/\/powiatlwowecki.pl\/pzoon-kontakt\/\" target=\"_self\"><h2 class=\"content-box-heading\" style=\"--h2_typography-font-size:15px;line-height:20px;\">Kontakt<\/h2><\/a><\/div><\/div><\/div><div class=\"fusion-clearfix\"><\/div><\/div><\/div><\/div><\/div><\/div>\n","protected":false},"excerpt":{"rendered":"","protected":false},"author":4,"featured_media":0,"parent":0,"menu_order":0,"comment_status":"closed","ping_status":"closed","template":"","meta":{"_acf_changed":false,"footnotes":""},"class_list":["post-9875","page","type-page","status-publish","hentry"],"acf":false,"_links":{"self":[{"href":"https:\/\/powiatlwowecki.pl\/plci_json_endpoint\/wp\/v2\/pages\/9875","targetHints":{"allow":["GET"]}}],"collection":[{"href":"https:\/\/powiatlwowecki.pl\/plci_json_endpoint\/wp\/v2\/pages"}],"about":[{"href":"https:\/\/powiatlwowecki.pl\/plci_json_endpoint\/wp\/v2\/types\/page"}],"author":[{"embeddable":true,"href":"https:\/\/powiatlwowecki.pl\/plci_json_endpoint\/wp\/v2\/users\/4"}],"replies":[{"embeddable":true,"href":"https:\/\/powiatlwowecki.pl\/plci_json_endpoint\/wp\/v2\/comments?post=9875"}],"version-history":[{"count":4,"href":"https:\/\/powiatlwowecki.pl\/plci_json_endpoint\/wp\/v2\/pages\/9875\/revisions"}],"predecessor-version":[{"id":9905,"href":"https:\/\/powiatlwowecki.pl\/plci_json_endpoint\/wp\/v2\/pages\/9875\/revisions\/9905"}],"wp:attachment":[{"href":"https:\/\/powiatlwowecki.pl\/plci_json_endpoint\/wp\/v2\/media?parent=9875"}],"curies":[{"name":"wp","href":"https:\/\/api.w.org\/{rel}","templated":true}]}}

pzoon procedura odwoławcza

<div class="fusion-fullwidth fullwidth-box fusion-builder-row-1 fusion-flex-container nonhundred-percent-fullwidth non-hundred-percent-height-scrolling" style="--awb-border-radius-top-left:0px;--awb-border-radius-top-right:0px;--awb-border-radius-bottom-right:0px;--awb-border-radius-bottom-left:0px;--awb-flex-wrap:wrap;" ><div class="fusion-builder-row fusion-row fusion-flex-align-items-flex-start fusion-flex-content-wrap" style="max-width:1248px;margin-left: calc(-4% / 2 );margin-right: calc(-4% / 2 );"><div class="fusion-layout-column fusion_builder_column fusion-builder-column-0 fusion_builder_column_1_1 1_1 fusion-flex-column" style="--awb-bg-size:cover;--awb-width-large:100%;--awb-margin-top-large:0px;--awb-spacing-right-large:1.92%;--awb-margin-bottom-large:0px;--awb-spacing-left-large:1.92%;--awb-width-medium:100%;--awb-spacing-right-medium:1.92%;--awb-spacing-left-medium:1.92%;--awb-width-small:100%;--awb-spacing-right-small:1.92%;--awb-spacing-left-small:1.92%;"><div class="fusion-column-wrapper fusion-flex-justify-content-flex-start fusion-content-layout-column"></div></div><div class="fusion-layout-column fusion_builder_column fusion-builder-column-1 fusion_builder_column_3_4 3_4 fusion-flex-column" style="--awb-bg-size:cover;--awb-width-large:75%;--awb-margin-top-large:0px;--awb-spacing-right-large:2.56%;--awb-margin-bottom-large:20px;--awb-spacing-left-large:2.56%;--awb-width-medium:100%;--awb-order-medium:0;--awb-spacing-right-medium:1.92%;--awb-spacing-left-medium:1.92%;--awb-width-small:100%;--awb-order-small:0;--awb-spacing-right-small:1.92%;--awb-spacing-left-small:1.92%;"><div class="fusion-column-wrapper fusion-column-has-shadow fusion-flex-justify-content-flex-start fusion-content-layout-column"><div class="fusion-text fusion-text-1"><p><strong>Odwołanie od orzeczenia </strong></p>
<p>Jeśli osoba Zainteresowana nie zgadza się z treścią orzeczenia o niepełnosprawności lub o stopniu niepełnosprawności, może wnieść odwołanie do:</p>
<p><strong>Wojewódzkiego Zespołu do Spraw Orzekania o Niepełnosprawności we Wrocławiu </strong></p>
<p><strong>Plac Powstańców Warszawy 1</strong></p>
<p><strong>50-153 Wrocław </strong></p>
<p><strong><u>za pośrednictwem Powiatowego Zespołu w Lwówku Śląskim.</u></strong></p>
<p><strong>Termin na złożenie odwołania to 14 dni od dnia doręczenia orzeczenia.</strong></p>
<p>Po złożeniu odwołania ten sam Skład Orzekający, który wydał zaskarżoną decyzję, ma 7 dni na weryfikację wydanego orzeczenia. Jeśli Skład Orzekający zgodzi się w całości z argumentacją składającego odwołanie, może uchylić zaskarżone orzeczenie i wydać nowe (na otrzymanie takiego orzeczenia czeka się kolejnych 14 dni). Jeśli Skład Orzekający podtrzymuje wydane wcześniej orzeczenie, odwołanie wraz z aktami sprawy (w tym całością złożonej dokumentacji medycznej) przesyła się do Zespołu Wojewódzkiego we Wrocławiu, który przeprowadza własne postępowanie orzecznicze kończąc je wydaniem orzeczenia.</p>
<p>Jeżeli decyzja Wojewódzkiego  Zespołu nadal nie będzie satysfakcjonująca, kolejne odwołanie składamy do Sądu Pracy i Ubezpieczeń Społecznych właściwego dla miejsca zamieszkania odwołującego się, za pośrednictwem Zespołu Wojewódzkiego, który wydał orzeczenie w II instancji, w terminie 30 dni od dnia otrzymania orzeczenia WZON</p>
<p>Należy pamiętać, że w czasie trwania postępowania odwoławczego, to jest od dnia złożenia odwołania do dnia uprawomocnienia się orzeczenia kończącego takie postępowanie, nie jest możliwe uzyskanie legitymacji osoby niepełnosprawnej ani  karty parkingowej.</p>
<p><strong> Zrzeczenie się prawa do odwołania</strong></p>
<p>W trakcie biegu terminu do wniesienia odwołania stronie przysługuje prawo zrzeczenia się prawa do wniesienia odwołania. Z dniem doręczenia organowi oświadczenia o zrzeczeniu się prawa do wniesienia odwołania orzeczenie staje się ostateczne i prawomocne.</p>
<ul>
<li>wzór oświadczenia dostępny jest:</li>
<li>w siedzibie Zespołu,</li>
<li>na stronie internetowej Powiatu Lwóweckiego: <a href="www.powiatlwowecki.pl">powiatlwowecki.pl</a>, zakładka: Urząd, zakładka: Powiatowy Zespół ds. Orzekania o Niepełnosprawności, zakładka:  Pliki do pobrania;</li>
</ul>
<p><a href="https://powiatlwowecki.pl/wydzialy/powiatowy-zespol-ds-orzekania-o-niepelnosprawnosci/"> https://powiatlwowecki.pl/wydzialy/powiatowy-zespol-ds-orzekania-o-niepelnosprawnosci/</a></p>
</div></div></div><div class="fusion-layout-column fusion_builder_column fusion-builder-column-2 fusion_builder_column_1_4 1_4 fusion-flex-column" style="--awb-bg-size:cover;--awb-width-large:25%;--awb-margin-top-large:0px;--awb-spacing-right-large:7.68%;--awb-margin-bottom-large:20px;--awb-spacing-left-large:7.68%;--awb-width-medium:100%;--awb-order-medium:0;--awb-spacing-right-medium:1.92%;--awb-spacing-left-medium:1.92%;--awb-width-small:100%;--awb-order-small:0;--awb-spacing-right-small:1.92%;--awb-spacing-left-small:1.92%;"><div class="fusion-column-wrapper fusion-column-has-shadow fusion-flex-justify-content-flex-start fusion-content-layout-column"><div class="fusion-content-boxes content-boxes columns row fusion-columns-1 fusion-columns-total-7 fusion-content-boxes-1 content-boxes-icon-with-title content-left" style="--awb-hover-accent-color:#f44336;--awb-circle-hover-accent-color:#f44336;--awb-item-margin-bottom:40px;" data-animationOffset="top-into-view"><div style="--awb-backgroundcolor:rgba(255,193,7,0.72);" class="fusion-column content-box-column content-box-column content-box-column-1 col-lg-12 col-md-12 col-sm-12 fusion-content-box-hover content-box-column-last-in-row"><div class="col content-box-wrapper content-wrapper-background link-area-link-icon link-type-text content-icon-wrapper-yes icon-hover-animation-slide" data-animationOffset="top-into-view"><div class="heading icon-left"><a class="heading-link" style="float:left;" href="https://powiatlwowecki.pl/powiatowy-zespol-ds-orzekania-o-niepelnosprawnosci/" target="_self"><h2 class="content-box-heading" style="--h2_typography-font-size:15px;line-height:20px;">Strona główna</h2></a></div></div></div><div style="--awb-backgroundcolor:rgba(255,193,7,0.72);" class="fusion-column content-box-column content-box-column content-box-column-2 col-lg-12 col-md-12 col-sm-12 fusion-content-box-hover content-box-column-last-in-row"><div class="col content-box-wrapper content-wrapper-background link-area-link-icon link-type-text content-icon-wrapper-yes icon-hover-animation-slide" data-animationOffset="top-into-view"><div class="heading icon-left"><a class="heading-link" style="float:left;" href="https://powiatlwowecki.pl/pzoon-procedura-wydania-orzeczenia/" target="_self"><h2 class="content-box-heading" style="--h2_typography-font-size:15px;line-height:20px;">Procedura wydania orzeczenia</h2></a></div></div></div><div style="--awb-backgroundcolor:rgba(255,193,7,0.72);" class="fusion-column content-box-column content-box-column content-box-column-3 col-lg-12 col-md-12 col-sm-12 fusion-content-box-hover content-box-column-last-in-row"><div class="col content-box-wrapper content-wrapper-background link-area-link-icon link-type-text content-icon-wrapper-yes icon-hover-animation-slide" data-animationOffset="top-into-view"><div class="heading icon-left"><a class="heading-link" style="float:left;" href="https://powiatlwowecki.pl/pzoon-procedura-odwolawcza/" target="_self"><h2 class="content-box-heading" style="--h2_typography-font-size:15px;line-height:20px;">Procedura odwoławcza</h2></a></div></div></div><div style="--awb-backgroundcolor:rgba(255,193,7,0.72);" class="fusion-column content-box-column content-box-column content-box-column-4 col-lg-12 col-md-12 col-sm-12 fusion-content-box-hover content-box-column-last-in-row"><div class="col content-box-wrapper content-wrapper-background link-area-link-icon link-type-text content-icon-wrapper-yes icon-hover-animation-slide" data-animationOffset="top-into-view"><div class="heading icon-left"><a class="heading-link" style="float:left;" href="https://powiatlwowecki.pl/pzoon-legitymacje/" target="_self"><h2 class="content-box-heading" style="--h2_typography-font-size:15px;line-height:20px;">Legitymacje</h2></a></div></div></div><div style="--awb-backgroundcolor:rgba(255,193,7,0.72);" class="fusion-column content-box-column content-box-column content-box-column-5 col-lg-12 col-md-12 col-sm-12 fusion-content-box-hover content-box-column-last-in-row"><div class="col content-box-wrapper content-wrapper-background link-area-link-icon link-type-text content-icon-wrapper-yes icon-hover-animation-slide" data-animationOffset="top-into-view"><div class="heading icon-left"><a class="heading-link" style="float:left;" href="https://powiatlwowecki.pl/pzoon-karta-parkingowa/" target="_self"><h2 class="content-box-heading" style="--h2_typography-font-size:15px;line-height:20px;">Karta parkingowa</h2></a></div></div></div><div style="--awb-backgroundcolor:rgba(255,193,7,0.72);" class="fusion-column content-box-column content-box-column content-box-column-6 col-lg-12 col-md-12 col-sm-12 fusion-content-box-hover content-box-column-last-in-row"><div class="col content-box-wrapper content-wrapper-background link-area-link-icon link-type-text content-icon-wrapper-yes icon-hover-animation-slide" data-animationOffset="top-into-view"><div class="heading icon-left"><a class="heading-link" style="float:left;" href="https://powiatlwowecki.pl/pzoon-swiadczenie-wspierajace/" target="_self"><h2 class="content-box-heading" style="--h2_typography-font-size:15px;line-height:20px;">Świadczenie wspierające</h2></a></div></div></div><div style="--awb-backgroundcolor:rgba(255,193,7,0.72);" class="fusion-column content-box-column content-box-column content-box-column-7 col-lg-12 col-md-12 col-sm-12 fusion-content-box-hover content-box-column-last content-box-column-last-in-row"><div class="col content-box-wrapper content-wrapper-background link-area-link-icon link-type-text content-icon-wrapper-yes icon-hover-animation-slide" data-animationOffset="top-into-view"><div class="heading icon-left"><a class="heading-link" style="float:left;" href="https://powiatlwowecki.pl/pzoon-kontakt/" target="_self"><h2 class="content-box-heading" style="--h2_typography-font-size:15px;line-height:20px;">Kontakt</h2></a></div></div></div><div class="fusion-clearfix"></div></div></div></div></div></div>
