{"id":8584,"date":"2024-11-25T21:44:54","date_gmt":"2024-11-25T20:44:54","guid":{"rendered":"https:\/\/powiatlwowecki.pl\/?page_id=8584"},"modified":"2024-11-25T21:44:54","modified_gmt":"2024-11-25T20:44:54","slug":"pczk-rodo","status":"publish","type":"page","link":"https:\/\/powiatlwowecki.pl\/pczk-rodo\/","title":{"rendered":"PCZK RODO"},"content":{"rendered":"<p>Klauzula informacyjna \u2013 Powiatowe Centrum Zarz\u0105dzania Kryzysowego i Spraw Obronnych<\/p>\n<p>W zwi\u0105zku z realizacj\u0105 wymog\u00f3w Rozporz\u0105dzenia Parlamentu Europejskiego i Rady (UE) z dnia 27 kwietnia 2016 roku w sprawie ochrony os\u00f3b fizycznych w zwi\u0105zku z przetwarzaniem danych osobowych i w sprawie swobodnego przep\u0142ywu takich danych oraz uchylenia dyrektywy 95\/46\/WE (Dz.U.UE z dnia 04.05.2016r. L 119\/1) (og\u00f3lne rozporz\u0105dzenie o ochronie danych, dalej: RODO) informujemy:<\/p>\n<p>1. Administratorem danych osobowych jest Starosta Lw\u00f3wecki (dalej: Administrator).<br \/>\nKontakt z Administratorem: Starostwo Powiatowe, ul. Szpitalna 4, 59-600 Lw\u00f3wek \u015al\u0105ski lub elektronicznie e-mail: sekretariat@powiatlwowecki.pl<br \/>\n2. Administrator wyznaczy\u0142 Inspektora Ochrony Danych. Kontakt z Inspektorem: Magdalena Strzelecka, Starostwo Powiatowe ul. Szpitalna 4, 59-600 Lw\u00f3wek \u015al\u0105ski z dopiskiem: \u201eInspektor Ochrony Danych\u201d lub elektronicznie e-mail: rodo@powiatlwowecki.pl<br \/>\n3. Administrator b\u0119dzie przetwarza\u0107 Pani\/Pana dane na podstawie art. 6 ust. 1 lit. c RODO: Ustawy z dnia 5 czerwca 1998 r. o samorz\u0105dzie powiatowym; Ustawy z dnia 26 kwietnia 2007 r. o zarz\u0105dzaniu kryzysowym; Ustawy z dnia 20 lipca 2017 r. Prawo Wodne; Ustawy z dnia 18 kwietnia 2002 r. o stanie kl\u0119ski \u017cywio\u0142owej; ustawy z dnia 21 listopada 1967 r. o powszechnym obowi\u0105zku obrony Rzeczypospolitej Polskiej; ustawy z dnia 24 sierpnia 1991 r. o ochronie przeciwpo\u017carowej; ustawy z dnia 10 czerwca 2016 r. o dzia\u0142aniach antyterrorystycznych wraz z aktami wykonawczym do wymienionych ustaw oraz na podstawie art. 6 ust. 1 lit. a RODO w zakresie udzielonej zgody w celu wype\u0142nienia obowi\u0105zku prawnego ci\u0105\u017c\u0105cego na administratorze w zakresie zada\u0144 realizowanych przez Biuro Zarz\u0105dzania Kryzysowego i Spraw Obronnych.<br \/>\n4. Odbiorcami Pani\/Pana danych osobowych b\u0119d\u0105 podmioty upowa\u017cnione na podstawie przepis\u00f3w prawa.<br \/>\n5. Posiada Pani\/Pan prawo dost\u0119pu do tre\u015bci swoich danych oraz prawo ich sprostowania, usuni\u0119cia, ograniczenia przetwarzania, prawo do przenoszenia danych, prawo wniesienia sprzeciwu, prawo do cofni\u0119cia zgody w dowolnym momencie bez wp\u0142ywu na zgodno\u015b\u0107 z prawem przetwarzania, kt\u00f3rego dokonano na podstawie zgody sprzed jej cofni\u0119cia.<br \/>\n6. Posiada Pani\/Pan ma prawo wniesienia skargi do organu nadzorczego zajmuj\u0105cego si\u0119 ochron\u0105 danych osobowych: Prezes Urz\u0119du Ochrony Danych Osobowych (PUODO); Adres: Stawki 2, 00-193 Warszawa; Telefon: 22 531 03 00.<br \/>\n7. Pani\/Pana dane, nie b\u0119d\u0105 przetwarzane w spos\u00f3b zautomatyzowany w tym r\u00f3wnie\u017c w formie profilowania.<br \/>\n8. Podanie danych osobowych w zakresie wymaganym prawem jest obligatoryjne. Konsekwencj\u0105 nie podania tych danych b\u0119dzie brak mo\u017cliwo\u015bci realizacji zadania na\u0142o\u017conego ustaw\u0105 na Administratora. W pozosta\u0142ych przypadkach podanie danych jest dobrowolne a zgoda na ich przetwarzania mo\u017ce zosta\u0107 cofni\u0119ta w dowolnym momencie (kontakt listowny na adres Administratora b\u0105d\u017a na adres e-mail: rodo@powiatlwowecki.pl).<br \/>\n9. Pani\/Pana dane osobowe b\u0119d\u0105 przechowywane, od daty zako\u0144czenia sprawy przez okres przewidziany dla archiwizacji dokument\u00f3w i wskazany dla danego rodzaju sprawy w obowi\u0105zuj\u0105cym jednolitym rzeczowym wykazie akt organ\u00f3w powiatu i starostw powiatowych.<\/p>\n","protected":false},"excerpt":{"rendered":"<p>Klauzula informacyjna \u2013 Powiatowe Centrum Zarz\u0105dzania Kryzysowego i Spraw Obronnych W zwi\u0105zku z realizacj\u0105 wymog\u00f3w Rozporz\u0105dzenia Parlamentu Europejskiego i Rady (UE) z dnia 27 kwietnia 2016 roku w sprawie ochrony os\u00f3b fizycznych w zwi\u0105zku z  [&#8230;]<\/p>\n","protected":false},"author":4,"featured_media":0,"parent":0,"menu_order":0,"comment_status":"closed","ping_status":"closed","template":"","meta":{"_acf_changed":false,"footnotes":""},"class_list":["post-8584","page","type-page","status-publish","hentry"],"acf":false,"_links":{"self":[{"href":"https:\/\/powiatlwowecki.pl\/plci_json_endpoint\/wp\/v2\/pages\/8584","targetHints":{"allow":["GET"]}}],"collection":[{"href":"https:\/\/powiatlwowecki.pl\/plci_json_endpoint\/wp\/v2\/pages"}],"about":[{"href":"https:\/\/powiatlwowecki.pl\/plci_json_endpoint\/wp\/v2\/types\/page"}],"author":[{"embeddable":true,"href":"https:\/\/powiatlwowecki.pl\/plci_json_endpoint\/wp\/v2\/users\/4"}],"replies":[{"embeddable":true,"href":"https:\/\/powiatlwowecki.pl\/plci_json_endpoint\/wp\/v2\/comments?post=8584"}],"version-history":[{"count":1,"href":"https:\/\/powiatlwowecki.pl\/plci_json_endpoint\/wp\/v2\/pages\/8584\/revisions"}],"predecessor-version":[{"id":8585,"href":"https:\/\/powiatlwowecki.pl\/plci_json_endpoint\/wp\/v2\/pages\/8584\/revisions\/8585"}],"wp:attachment":[{"href":"https:\/\/powiatlwowecki.pl\/plci_json_endpoint\/wp\/v2\/media?parent=8584"}],"curies":[{"name":"wp","href":"https:\/\/api.w.org\/{rel}","templated":true}]}}

<p>Klauzula informacyjna – Powiatowe Centrum Zarządzania Kryzysowego i Spraw Obronnych</p>
<p>W związku z realizacją wymogów Rozporządzenia Parlamentu Europejskiego i Rady (UE) z dnia 27 kwietnia 2016 roku w sprawie ochrony osób fizycznych w związku z przetwarzaniem danych osobowych i w sprawie swobodnego przepływu takich danych oraz uchylenia dyrektywy 95/46/WE (Dz.U.UE z dnia 04.05.2016r. L 119/1) (ogólne rozporządzenie o ochronie danych, dalej: RODO) informujemy:</p>
<p>1. Administratorem danych osobowych jest Starosta Lwówecki (dalej: Administrator).<br />
Kontakt z Administratorem: Starostwo Powiatowe, ul. Szpitalna 4, 59-600 Lwówek Śląski lub elektronicznie e-mail: sekretariat@powiatlwowecki.pl<br />
2. Administrator wyznaczył Inspektora Ochrony Danych. Kontakt z Inspektorem: Magdalena Strzelecka, Starostwo Powiatowe ul. Szpitalna 4, 59-600 Lwówek Śląski z dopiskiem: „Inspektor Ochrony Danych” lub elektronicznie e-mail: rodo@powiatlwowecki.pl<br />
3. Administrator będzie przetwarzać Pani/Pana dane na podstawie art. 6 ust. 1 lit. c RODO: Ustawy z dnia 5 czerwca 1998 r. o samorządzie powiatowym; Ustawy z dnia 26 kwietnia 2007 r. o zarządzaniu kryzysowym; Ustawy z dnia 20 lipca 2017 r. Prawo Wodne; Ustawy z dnia 18 kwietnia 2002 r. o stanie klęski żywiołowej; ustawy z dnia 21 listopada 1967 r. o powszechnym obowiązku obrony Rzeczypospolitej Polskiej; ustawy z dnia 24 sierpnia 1991 r. o ochronie przeciwpożarowej; ustawy z dnia 10 czerwca 2016 r. o działaniach antyterrorystycznych wraz z aktami wykonawczym do wymienionych ustaw oraz na podstawie art. 6 ust. 1 lit. a RODO w zakresie udzielonej zgody w celu wypełnienia obowiązku prawnego ciążącego na administratorze w zakresie zadań realizowanych przez Biuro Zarządzania Kryzysowego i Spraw Obronnych.<br />
4. Odbiorcami Pani/Pana danych osobowych będą podmioty upoważnione na podstawie przepisów prawa.<br />
5. Posiada Pani/Pan prawo dostępu do treści swoich danych oraz prawo ich sprostowania, usunięcia, ograniczenia przetwarzania, prawo do przenoszenia danych, prawo wniesienia sprzeciwu, prawo do cofnięcia zgody w dowolnym momencie bez wpływu na zgodność z prawem przetwarzania, którego dokonano na podstawie zgody sprzed jej cofnięcia.<br />
6. Posiada Pani/Pan ma prawo wniesienia skargi do organu nadzorczego zajmującego się ochroną danych osobowych: Prezes Urzędu Ochrony Danych Osobowych (PUODO); Adres: Stawki 2, 00-193 Warszawa; Telefon: 22 531 03 00.<br />
7. Pani/Pana dane, nie będą przetwarzane w sposób zautomatyzowany w tym również w formie profilowania.<br />
8. Podanie danych osobowych w zakresie wymaganym prawem jest obligatoryjne. Konsekwencją nie podania tych danych będzie brak możliwości realizacji zadania nałożonego ustawą na Administratora. W pozostałych przypadkach podanie danych jest dobrowolne a zgoda na ich przetwarzania może zostać cofnięta w dowolnym momencie (kontakt listowny na adres Administratora bądź na adres e-mail: rodo@powiatlwowecki.pl).<br />
9. Pani/Pana dane osobowe będą przechowywane, od daty zakończenia sprawy przez okres przewidziany dla archiwizacji dokumentów i wskazany dla danego rodzaju sprawy w obowiązującym jednolitym rzeczowym wykazie akt organów powiatu i starostw powiatowych.</p>

<p>Klauzula informacyjna – Powiatowe Centrum Zarządzania Kryzysowego i Spraw Obronnych W związku z realizacją wymogów Rozporządzenia Parlamentu Europejskiego i Rady (UE) z dnia 27 kwietnia 2016 roku w sprawie ochrony osób fizycznych w związku z  [&#8230;]</p>
