{"id":3027,"date":"2022-01-17T14:18:30","date_gmt":"2022-01-17T13:18:30","guid":{"rendered":"https:\/\/powiatlwowecki.pl\/?page_id=3027"},"modified":"2024-06-24T15:45:33","modified_gmt":"2024-06-24T13:45:33","slug":"zapewnienie-dostepnosci-osobom-ze-szczegolnymi-potrzebami","status":"publish","type":"page","link":"https:\/\/powiatlwowecki.pl\/zapewnienie-dostepnosci-osobom-ze-szczegolnymi-potrzebami\/","title":{"rendered":"Zapewnienie dost\u0119pno\u015bci osobom ze szczeg\u00f3lnymi potrzebami"},"content":{"rendered":"<p data-wahfont=\"16\">W przypadku problem\u00f3w z dost\u0119pno\u015bci\u0105 prosimy o kontakt.<\/p>\n<p data-wahfont=\"16\">Osob\u0105 odpowiedzialn\u0105 jest <span id=\"a11y-osoba\" data-wahfont=\"16\">Patrycja Ciupi\u0144ska<\/span>, adres poczty elektronicznej <a href=\"mailto:koordynator.dostepnosci@powiatlwowecki.pl\" data-wahfont=\"16\">koordynator.dostepnosci@powiatlwowecki.pl.<\/a><\/p>\n<p data-wahfont=\"16\">Kontaktowa\u0107 mo\u017cna si\u0119 tak\u017ce dzwoni\u0105c na numer tel.<span id=\"a11y-telefon\" data-wahfont=\"16\">75 782 36 53<\/span>. T\u0105 sam\u0105 drog\u0105 mo\u017cna sk\u0142ada\u0107 wnioski o udost\u0119pnienie informacji niedost\u0119pnej oraz sk\u0142ada\u0107 skargi na brak zapewnienia dost\u0119pno\u015bci.<\/p>\n<p data-wahfont=\"16\">Dane teleadresowe siedziby podmiotu publicznego: dost\u0119pne w zak\u0142adce <a href=\"https:\/\/powiatlwowecki.pl\/kontakt\/\" data-wahfont=\"16\">Kontakt<\/a><\/p>\n<h4 class=\"fusion-responsive-typography-calculated\" data-fontsize=\"18\" data-lineheight=\"24.4833px\" data-wahfont=\"18\"><strong>Procedura wnioskowo-skargowa<\/strong><\/h4>\n<p id=\"a11y-procedura\" data-wahfont=\"16\">Ka\u017cdy ma prawo wyst\u0105pi\u0107 do Naszego podmiotu publicznego z \u017c\u0105daniem zapewnienia dost\u0119pno\u015bci cyfrowej. Mo\u017cna tak\u017ce za\u017c\u0105da\u0107 udost\u0119pnienia informacji za pomoc\u0105 alternatywnego sposobu dost\u0119pu, na przyk\u0142ad przez odczytanie niedost\u0119pnego cyfrowo dokumentu, opisanie zawarto\u015bci filmu bez audiodeskrypcji itp.<\/p>\n<p data-wahfont=\"16\"><strong>\u017b\u0105danie<\/strong> powinno zawiera\u0107:<\/p>\n<ol>\n<li>Dane kontaktowe osoby wyst\u0119puj\u0105cej z \u017c\u0105daniem.<\/li>\n<li>Wskazanie strony internetowej lub elementu strony internetowe, kt\u00f3re maj\u0105 by\u0107 dost\u0119pne cyfrowo.<\/li>\n<li>Wskazanie sposobu kontaktu z osob\u0105 wyst\u0119puj\u0105c\u0105 z \u017c\u0105daniem.<\/li>\n<li>Wskazanie alternatywnego sposobu dost\u0119pu, je\u017celi dotyczy.<\/li>\n<\/ol>\n<p data-wahfont=\"16\"><strong>Do skarg<\/strong> rozpatrywanych w post\u0119powaniach w sprawie zapewnienia dost\u0119pno\u015bci cyfrowej strony internetowej lub elementu strony internetowej stosuje si\u0119 przepisy dzia\u0142u VIII ustawy z\u00a0dnia 14 czerwca 1960 r. \u2013 Kodeks post\u0119powania administracyjnego (Dz.U.2020.256 t.j. z dnia 2020.02.18).<\/p>\n<p data-wahfont=\"16\">Podmiot publiczny powinien zrealizowa\u0107 \u017c\u0105danie niezw\u0142ocznie i nie p\u00f3\u017aniej, ni\u017c w ci\u0105gu 7\u00a0dni. Je\u017celi dotrzymanie tego terminu nie jest mo\u017cliwe, podmiot publiczny niezw\u0142ocznie informuje o tym, kiedy realizacja \u017c\u0105dania b\u0119dzie mo\u017cliwa, przy czym termin ten nie mo\u017ce by\u0107 d\u0142u\u017cszy ni\u017c 2 miesi\u0105ce. Je\u017celi zapewnienie dost\u0119pno\u015bci nie jest mo\u017cliwe, podmiot publiczny mo\u017ce zaproponowa\u0107 alternatywny spos\u00f3b dost\u0119pu do informacji.<\/p>\n<p data-wahfont=\"16\">W przypadku, gdy podmiot odm\u00f3wi realizacji \u017c\u0105dania zapewnienia dost\u0119pno\u015bci lub alternatywnego dost\u0119pu do informacji, mo\u017cna z\u0142o\u017cy\u0107 skarg\u0119 na takie dzia\u0142anie.<\/p>\n<p data-wahfont=\"16\">Po wyczerpaniu wszystkich mo\u017cliwo\u015bci skarg\u0119 mo\u017cna przes\u0142a\u0107 tak\u017ce do Rzecznika Praw Obywatelskich.<\/p>\n","protected":false},"excerpt":{"rendered":"<p>W przypadku problem\u00f3w z dost\u0119pno\u015bci\u0105 prosimy o kontakt. Osob\u0105 odpowiedzialn\u0105 jest Patrycja Ciupi\u0144ska, adres poczty elektronicznej koordynator.dostepnosci@powiatlwowecki.pl. Kontaktowa\u0107 mo\u017cna si\u0119 tak\u017ce dzwoni\u0105c na numer tel.75 782 36 53. T\u0105 sam\u0105 drog\u0105 mo\u017cna sk\u0142ada\u0107 wnioski o  [&#8230;]<\/p>\n","protected":false},"author":5,"featured_media":0,"parent":0,"menu_order":0,"comment_status":"closed","ping_status":"closed","template":"","meta":{"_acf_changed":false,"footnotes":""},"class_list":["post-3027","page","type-page","status-publish","hentry"],"acf":false,"_links":{"self":[{"href":"https:\/\/powiatlwowecki.pl\/plci_json_endpoint\/wp\/v2\/pages\/3027","targetHints":{"allow":["GET"]}}],"collection":[{"href":"https:\/\/powiatlwowecki.pl\/plci_json_endpoint\/wp\/v2\/pages"}],"about":[{"href":"https:\/\/powiatlwowecki.pl\/plci_json_endpoint\/wp\/v2\/types\/page"}],"author":[{"embeddable":true,"href":"https:\/\/powiatlwowecki.pl\/plci_json_endpoint\/wp\/v2\/users\/5"}],"replies":[{"embeddable":true,"href":"https:\/\/powiatlwowecki.pl\/plci_json_endpoint\/wp\/v2\/comments?post=3027"}],"version-history":[{"count":1,"href":"https:\/\/powiatlwowecki.pl\/plci_json_endpoint\/wp\/v2\/pages\/3027\/revisions"}],"predecessor-version":[{"id":7639,"href":"https:\/\/powiatlwowecki.pl\/plci_json_endpoint\/wp\/v2\/pages\/3027\/revisions\/7639"}],"wp:attachment":[{"href":"https:\/\/powiatlwowecki.pl\/plci_json_endpoint\/wp\/v2\/media?parent=3027"}],"curies":[{"name":"wp","href":"https:\/\/api.w.org\/{rel}","templated":true}]}}

Zapewnienie dostępności osobom ze szczególnymi potrzebami

<p data-wahfont="16">W przypadku problemów z dostępnością prosimy o kontakt.</p>
<p data-wahfont="16">Osobą odpowiedzialną jest <span id="a11y-osoba" data-wahfont="16">Patrycja Ciupińska</span>, adres poczty elektronicznej <a href="mailto:koordynator.dostepnosci@powiatlwowecki.pl" data-wahfont="16">koordynator.dostepnosci@powiatlwowecki.pl.</a></p>
<p data-wahfont="16">Kontaktować można się także dzwoniąc na numer tel.<span id="a11y-telefon" data-wahfont="16">75 782 36 53</span>. Tą samą drogą można składać wnioski o udostępnienie informacji niedostępnej oraz składać skargi na brak zapewnienia dostępności.</p>
<p data-wahfont="16">Dane teleadresowe siedziby podmiotu publicznego: dostępne w zakładce <a href="https://powiatlwowecki.pl/kontakt/" data-wahfont="16">Kontakt</a></p>
<h4 class="fusion-responsive-typography-calculated" data-fontsize="18" data-lineheight="24.4833px" data-wahfont="18"><strong>Procedura wnioskowo-skargowa</strong></h4>
<p id="a11y-procedura" data-wahfont="16">Każdy ma prawo wystąpić do Naszego podmiotu publicznego z żądaniem zapewnienia dostępności cyfrowej. Można także zażądać udostępnienia informacji za pomocą alternatywnego sposobu dostępu, na przykład przez odczytanie niedostępnego cyfrowo dokumentu, opisanie zawartości filmu bez audiodeskrypcji itp.</p>
<p data-wahfont="16"><strong>Żądanie</strong> powinno zawierać:</p>
<ol>
<li>Dane kontaktowe osoby występującej z żądaniem.</li>
<li>Wskazanie strony internetowej lub elementu strony internetowe, które mają być dostępne cyfrowo.</li>
<li>Wskazanie sposobu kontaktu z osobą występującą z żądaniem.</li>
<li>Wskazanie alternatywnego sposobu dostępu, jeżeli dotyczy.</li>
</ol>
<p data-wahfont="16"><strong>Do skarg</strong> rozpatrywanych w postępowaniach w sprawie zapewnienia dostępności cyfrowej strony internetowej lub elementu strony internetowej stosuje się przepisy działu VIII ustawy z dnia 14 czerwca 1960 r. – Kodeks postępowania administracyjnego (Dz.U.2020.256 t.j. z dnia 2020.02.18).</p>
<p data-wahfont="16">Podmiot publiczny powinien zrealizować żądanie niezwłocznie i nie później, niż w ciągu 7 dni. Jeżeli dotrzymanie tego terminu nie jest możliwe, podmiot publiczny niezwłocznie informuje o tym, kiedy realizacja żądania będzie możliwa, przy czym termin ten nie może być dłuższy niż 2 miesiące. Jeżeli zapewnienie dostępności nie jest możliwe, podmiot publiczny może zaproponować alternatywny sposób dostępu do informacji.</p>
<p data-wahfont="16">W przypadku, gdy podmiot odmówi realizacji żądania zapewnienia dostępności lub alternatywnego dostępu do informacji, można złożyć skargę na takie działanie.</p>
<p data-wahfont="16">Po wyczerpaniu wszystkich możliwości skargę można przesłać także do Rzecznika Praw Obywatelskich.</p>

<p>W przypadku problemów z dostępnością prosimy o kontakt. Osobą odpowiedzialną jest Patrycja Ciupińska, adres poczty elektronicznej koordynator.dostepnosci@powiatlwowecki.pl. Kontaktować można się także dzwoniąc na numer tel.75 782 36 53. Tą samą drogą można składać wnioski o  [&#8230;]</p>
