{"id":1269,"date":"2020-10-29T13:47:31","date_gmt":"2020-10-29T12:47:31","guid":{"rendered":"https:\/\/powiatlwowecki.pl\/?page_id=1269"},"modified":"2020-10-29T13:47:31","modified_gmt":"2020-10-29T12:47:31","slug":"obsluga-osob-z-niepelnosprawnosciami","status":"publish","type":"page","link":"https:\/\/powiatlwowecki.pl\/portal-mieszkanca\/obsluga-osob-z-niepelnosprawnosciami\/","title":{"rendered":"Obs\u0142uga os\u00f3b z niepe\u0142nosprawno\u015bciami."},"content":{"rendered":"<div class=\"fusion-fullwidth fullwidth-box fusion-builder-row-1 nonhundred-percent-fullwidth non-hundred-percent-height-scrolling\" style=\"--awb-border-radius-top-left:0px;--awb-border-radius-top-right:0px;--awb-border-radius-bottom-right:0px;--awb-border-radius-bottom-left:0px;--awb-flex-wrap:wrap;\" ><div class=\"fusion-builder-row fusion-row\"><div class=\"fusion-layout-column fusion_builder_column fusion-builder-column-0 fusion_builder_column_1_1 1_1 fusion-one-full fusion-column-first fusion-column-last\" style=\"--awb-bg-size:cover;\"><div class=\"fusion-column-wrapper fusion-column-has-shadow fusion-flex-column-wrapper-legacy\"><div class=\"fusion-text fusion-text-1\"><p>Osoba uprawniona, kt\u00f3ra zamierza skorzysta\u0107 z us\u0142ugi urz\u0119du, powinna zg\u0142osi\u0107 ten fakt w Starostwie Powiatowym w Lw\u00f3wku \u015al\u0105skim.<\/p>\n<p>Termin realizacji us\u0142ugi nie powinien przekroczy\u0107 3 dni roboczych, licz\u0105c od daty otrzymania zg\u0142oszenia przez Starostwo Powiatowe w Lw\u00f3wku \u015al\u0105skim.<\/p>\n<p>Zg\u0142oszenie powinno by\u0107 dokonane w jednej z nast\u0119puj\u0105cych form:<\/p>\n<ul>\n<li>e-mail na adres: <a href=\"mailto:sekretariat@powiatlwowecki.pl\"><strong>sekretariat@powiatlwowecki.pl<\/strong><\/a>,<\/li>\n<li>faxem na nr 75 782 3654,<\/li>\n<li>drog\u0105 pocztow\u0105 na adres:\n<ul>\n<li>Starostwo Powiatowe w Lw\u00f3wku \u015al\u0105skim,<\/li>\n<li>ul. Szpitalna 4,<\/li>\n<li>59-600 Lw\u00f3wek \u015al\u0105ski,<\/li>\n<\/ul>\n<\/li>\n<li>osobi\u015bcie \u2013 u pracownika Starostwa prowadz\u0105cego dany zakres spraw.<\/li>\n<\/ul>\n<\/div><div class=\"fusion-clearfix\"><\/div><\/div><\/div><\/div><\/div>\n","protected":false},"excerpt":{"rendered":"","protected":false},"author":3,"featured_media":0,"parent":1246,"menu_order":0,"comment_status":"closed","ping_status":"closed","template":"","meta":{"_acf_changed":false,"footnotes":""},"class_list":["post-1269","page","type-page","status-publish","hentry"],"acf":false,"_links":{"self":[{"href":"https:\/\/powiatlwowecki.pl\/plci_json_endpoint\/wp\/v2\/pages\/1269","targetHints":{"allow":["GET"]}}],"collection":[{"href":"https:\/\/powiatlwowecki.pl\/plci_json_endpoint\/wp\/v2\/pages"}],"about":[{"href":"https:\/\/powiatlwowecki.pl\/plci_json_endpoint\/wp\/v2\/types\/page"}],"author":[{"embeddable":true,"href":"https:\/\/powiatlwowecki.pl\/plci_json_endpoint\/wp\/v2\/users\/3"}],"replies":[{"embeddable":true,"href":"https:\/\/powiatlwowecki.pl\/plci_json_endpoint\/wp\/v2\/comments?post=1269"}],"version-history":[{"count":0,"href":"https:\/\/powiatlwowecki.pl\/plci_json_endpoint\/wp\/v2\/pages\/1269\/revisions"}],"up":[{"embeddable":true,"href":"https:\/\/powiatlwowecki.pl\/plci_json_endpoint\/wp\/v2\/pages\/1246"}],"wp:attachment":[{"href":"https:\/\/powiatlwowecki.pl\/plci_json_endpoint\/wp\/v2\/media?parent=1269"}],"curies":[{"name":"wp","href":"https:\/\/api.w.org\/{rel}","templated":true}]}}

Obsługa osób z niepełnosprawnościami.

<div class="fusion-fullwidth fullwidth-box fusion-builder-row-1 nonhundred-percent-fullwidth non-hundred-percent-height-scrolling" style="--awb-border-radius-top-left:0px;--awb-border-radius-top-right:0px;--awb-border-radius-bottom-right:0px;--awb-border-radius-bottom-left:0px;--awb-flex-wrap:wrap;" ><div class="fusion-builder-row fusion-row"><div class="fusion-layout-column fusion_builder_column fusion-builder-column-0 fusion_builder_column_1_1 1_1 fusion-one-full fusion-column-first fusion-column-last" style="--awb-bg-size:cover;"><div class="fusion-column-wrapper fusion-column-has-shadow fusion-flex-column-wrapper-legacy"><div class="fusion-text fusion-text-1"><p>Osoba uprawniona, która zamierza skorzystać z usługi urzędu, powinna zgłosić ten fakt w Starostwie Powiatowym w Lwówku Śląskim.</p>
<p>Termin realizacji usługi nie powinien przekroczyć 3 dni roboczych, licząc od daty otrzymania zgłoszenia przez Starostwo Powiatowe w Lwówku Śląskim.</p>
<p>Zgłoszenie powinno być dokonane w jednej z następujących form:</p>
<ul>
<li>e-mail na adres: <a href="mailto:sekretariat@powiatlwowecki.pl"><strong>sekretariat@powiatlwowecki.pl</strong></a>,</li>
<li>faxem na nr 75 782 3654,</li>
<li>drogą pocztową na adres:
<ul>
<li>Starostwo Powiatowe w Lwówku Śląskim,</li>
<li>ul. Szpitalna 4,</li>
<li>59-600 Lwówek Śląski,</li>
</ul>
</li>
<li>osobiście – u pracownika Starostwa prowadzącego dany zakres spraw.</li>
</ul>
</div><div class="fusion-clearfix"></div></div></div></div></div>
