{"id":1248,"date":"2020-10-29T12:00:02","date_gmt":"2020-10-29T11:00:02","guid":{"rendered":"https:\/\/powiatlwowecki.pl\/?page_id=1248"},"modified":"2025-05-29T13:08:31","modified_gmt":"2025-05-29T11:08:31","slug":"powiatowy-zespol-ds-orzekania-o-niepelnosprawnosci","status":"publish","type":"page","link":"https:\/\/powiatlwowecki.pl\/powiatowy-zespol-ds-orzekania-o-niepelnosprawnosci\/","title":{"rendered":"Powiatowy Zesp\u00f3\u0142 ds. Orzekania o Niepe\u0142nosprawno\u015bci"},"content":{"rendered":"<div class=\"fusion-fullwidth fullwidth-box fusion-builder-row-1 fusion-flex-container has-pattern-background has-mask-background nonhundred-percent-fullwidth non-hundred-percent-height-scrolling\" style=\"--awb-border-radius-top-left:0px;--awb-border-radius-top-right:0px;--awb-border-radius-bottom-right:0px;--awb-border-radius-bottom-left:0px;--awb-flex-wrap:wrap;\" ><div class=\"fusion-builder-row fusion-row fusion-flex-align-items-flex-start fusion-flex-content-wrap\" style=\"max-width:1248px;margin-left: calc(-4% \/ 2 );margin-right: calc(-4% \/ 2 );\"><div class=\"fusion-layout-column fusion_builder_column fusion-builder-column-0 fusion_builder_column_3_4 3_4 fusion-flex-column\" style=\"--awb-bg-size:cover;--awb-width-large:75%;--awb-margin-top-large:0px;--awb-spacing-right-large:2.56%;--awb-margin-bottom-large:20px;--awb-spacing-left-large:2.56%;--awb-width-medium:100%;--awb-order-medium:0;--awb-spacing-right-medium:1.92%;--awb-spacing-left-medium:1.92%;--awb-width-small:100%;--awb-order-small:0;--awb-spacing-right-small:1.92%;--awb-spacing-left-small:1.92%;\"><div class=\"fusion-column-wrapper fusion-column-has-shadow fusion-flex-justify-content-flex-start fusion-content-layout-column\"><div class=\"fusion-text fusion-text-1\"><p style=\"text-align: center;\"><img decoding=\"async\" class=\"alignnone size-full wp-image-9890\" src=\"https:\/\/powiatlwowecki.pl\/wp-content\/uploads\/2025\/05\/Powiatowy-Zespol-do-Spraw-Orzekania-o-Niepelnosprawnosci-w-Lwowku-Slaskim-ul.-Szpitalna-4-59-600-Lwowek-Slaski-Godziny-przyjec-klientow-Przyjmowanie-wnioskow-poniedzialek-0800-\u2013-1600-wtorek-\u2013-pi.gif\" alt=\"\" width=\"1920\" height=\"1080\" \/><\/p>\n<p>Przewodnicz\u0105cy Zespo\u0142u: <strong>Beata Wasilewska<\/strong><\/p>\n<p>Sekretarz Zespo\u0142u: <strong>Magdalena Kunysz-Dyjak<\/strong><\/p>\n<p>Inspektor :\u00a0 <strong>Magdalena Graba<\/strong><\/p>\n<p style=\"text-align: center;\"><em>Powiatowy Zesp\u00f3\u0142 do Spraw Orzekania o Niepe\u0142nosprawno<\/em><em>\u015b<\/em><em>ci pe<\/em><em>\u0142<\/em><em>ni kluczow<\/em><em>\u0105<\/em><em> rol<\/em><em>\u0119 <\/em><em>w systemie wsparcia os<\/em><em>\u00f3<\/em><em>b z niepe<\/em><em>\u0142<\/em><em>nosprawno<\/em><em>\u015b<\/em><em>ciami, dzia<\/em><em>\u0142<\/em><em>aj<\/em><em>\u0105<\/em><em>c na rzecz zapewnienia im dost<\/em><em>\u0119<\/em><em>pu do praw, <\/em><em>\u015b<\/em><em>wiadcze<\/em><em>\u0144<\/em><em> i mo<\/em><em>\u017c<\/em><em>liwo<\/em><em>\u015b<\/em><em>ci pe<\/em><em>\u0142<\/em><em>niejszego uczestnictwa w <\/em><em>\u017c<\/em><em>yciu spo<\/em><em>\u0142<\/em><em>ecznym poprzez profesjonalne i rzetelne orzekanie o ich sytuacji funkcjonalnej.<\/em><\/p>\n<p><img decoding=\"async\" class=\"wp-image-9866 aligncenter\" src=\"https:\/\/powiatlwowecki.pl\/wp-content\/uploads\/2025\/05\/Obraz1.jpg\" alt=\"\" width=\"441\" height=\"232\" srcset=\"https:\/\/powiatlwowecki.pl\/wp-content\/uploads\/2025\/05\/Obraz1-24x13.jpg 24w, https:\/\/powiatlwowecki.pl\/wp-content\/uploads\/2025\/05\/Obraz1-36x19.jpg 36w, https:\/\/powiatlwowecki.pl\/wp-content\/uploads\/2025\/05\/Obraz1-48x25.jpg 48w, https:\/\/powiatlwowecki.pl\/wp-content\/uploads\/2025\/05\/Obraz1-200x105.jpg 200w, https:\/\/powiatlwowecki.pl\/wp-content\/uploads\/2025\/05\/Obraz1-300x158.jpg 300w, https:\/\/powiatlwowecki.pl\/wp-content\/uploads\/2025\/05\/Obraz1-400x211.jpg 400w, https:\/\/powiatlwowecki.pl\/wp-content\/uploads\/2025\/05\/Obraz1-600x316.jpg 600w, https:\/\/powiatlwowecki.pl\/wp-content\/uploads\/2025\/05\/Obraz1.jpg 739w\" sizes=\"(max-width: 441px) 100vw, 441px\" \/><\/p>\n<p>Powiatowy Zesp\u00f3\u0142 do Spraw Orzekania o Niepe\u0142nosprawno\u015bci w\u00a0Lw\u00f3wku \u015al\u0105skim jest odpowiedzialny za ca\u0142okszta\u0142t procesu orzekania o\u00a0niepe\u0142nosprawno\u015bci na poziomie powiatu, od przyj\u0119cia wniosku, poprzez ocen\u0119 stanu zdrowia i sytuacji \u017cyciowej wnioskodawcy, ocen\u0119 z\u0142o\u017conych dokument\u00f3w a\u017c po wydanie orzeczenia, a tak\u017ce za informowanie i\u00a0wsp\u00f3\u0142prac\u0119 z innymi podmiotami w tej dziedzinie.<\/p>\n<p>Powiatowe Zespo\u0142y do Spraw Orzekania o Niepe\u0142nosprawno\u015bci wydaj\u0105 orzeczenia:<\/p>\n<ul>\n<li>o stopniu niepe\u0142nosprawno\u015bci osoby, kt\u00f3re uko\u0144czy\u0142y 18 rok \u017cycia,<\/li>\n<li>o stopniu niepe\u0142nosprawno\u015bci osoby, mi\u0119dzy 16-18 rokiem \u017cycia oraz os\u00f3b ubezw\u0142asnowolnionych,<\/li>\n<li>o niepe\u0142nosprawno\u015bci os\u00f3b, kt\u00f3re nie uko\u0144czy\u0142y 16 lat ,<\/li>\n<li>o wskazaniach do ulg i uprawnie\u0144<\/li>\n<\/ul>\n<\/div><\/div><\/div><div class=\"fusion-layout-column fusion_builder_column fusion-builder-column-1 fusion_builder_column_1_4 1_4 fusion-flex-column\" style=\"--awb-bg-size:cover;--awb-width-large:25%;--awb-margin-top-large:0px;--awb-spacing-right-large:7.68%;--awb-margin-bottom-large:20px;--awb-spacing-left-large:7.68%;--awb-width-medium:100%;--awb-order-medium:0;--awb-spacing-right-medium:1.92%;--awb-spacing-left-medium:1.92%;--awb-width-small:100%;--awb-order-small:0;--awb-spacing-right-small:1.92%;--awb-spacing-left-small:1.92%;\"><div class=\"fusion-column-wrapper fusion-column-has-shadow fusion-flex-justify-content-flex-start fusion-content-layout-column\"><div class=\"fusion-content-boxes content-boxes columns row fusion-columns-1 fusion-columns-total-8 fusion-content-boxes-1 content-boxes-icon-with-title content-left\" style=\"--awb-hover-accent-color:#f44336;--awb-circle-hover-accent-color:#f44336;--awb-item-margin-bottom:40px;\" data-animationOffset=\"top-into-view\"><div style=\"--awb-backgroundcolor:rgba(255,193,7,0.72);\" class=\"fusion-column content-box-column content-box-column content-box-column-1 col-lg-12 col-md-12 col-sm-12 fusion-content-box-hover content-box-column-last-in-row\"><div class=\"col content-box-wrapper content-wrapper-background link-area-link-icon link-type-text content-icon-wrapper-yes icon-hover-animation-slide\" data-animationOffset=\"top-into-view\"><div class=\"heading icon-left\"><a class=\"heading-link\" style=\"float:left;\" href=\"https:\/\/powiatlwowecki.pl\/powiatowy-zespol-ds-orzekania-o-niepelnosprawnosci\/\" target=\"_self\"><h2 class=\"content-box-heading\" style=\"--h2_typography-font-size:15px;line-height:20px;\">Strona g\u0142\u00f3wna<\/h2><\/a><\/div><\/div><\/div><div style=\"--awb-backgroundcolor:rgba(255,193,7,0.72);\" class=\"fusion-column content-box-column content-box-column content-box-column-2 col-lg-12 col-md-12 col-sm-12 fusion-content-box-hover content-box-column-last-in-row\"><div class=\"col content-box-wrapper content-wrapper-background link-area-link-icon link-type-text content-icon-wrapper-yes icon-hover-animation-slide\" data-animationOffset=\"top-into-view\"><div class=\"heading icon-left\"><a class=\"heading-link\" style=\"float:left;\" href=\"https:\/\/powiatlwowecki.pl\/pzoon-procedura-wydania-orzeczenia\/\" target=\"_self\"><h2 class=\"content-box-heading\" style=\"--h2_typography-font-size:15px;line-height:20px;\">Procedura wydania orzeczenia<\/h2><\/a><\/div><\/div><\/div><div style=\"--awb-backgroundcolor:rgba(255,193,7,0.72);\" class=\"fusion-column content-box-column content-box-column content-box-column-3 col-lg-12 col-md-12 col-sm-12 fusion-content-box-hover content-box-column-last-in-row\"><div class=\"col content-box-wrapper content-wrapper-background link-area-link-icon link-type-text content-icon-wrapper-yes icon-hover-animation-slide\" data-animationOffset=\"top-into-view\"><div class=\"heading icon-left\"><a class=\"heading-link\" style=\"float:left;\" href=\"https:\/\/powiatlwowecki.pl\/pzoon-procedura-odwolawcza\/\" target=\"_self\"><h2 class=\"content-box-heading\" style=\"--h2_typography-font-size:15px;line-height:20px;\">Procedura odwo\u0142awcza<\/h2><\/a><\/div><\/div><\/div><div style=\"--awb-backgroundcolor:rgba(255,193,7,0.72);\" class=\"fusion-column content-box-column content-box-column content-box-column-4 col-lg-12 col-md-12 col-sm-12 fusion-content-box-hover content-box-column-last-in-row\"><div class=\"col content-box-wrapper content-wrapper-background link-area-link-icon link-type-text content-icon-wrapper-yes icon-hover-animation-slide\" data-animationOffset=\"top-into-view\"><div class=\"heading icon-left\"><a class=\"heading-link\" style=\"float:left;\" href=\"https:\/\/powiatlwowecki.pl\/pzoon-legitymacje\/\" target=\"_self\"><h2 class=\"content-box-heading\" style=\"--h2_typography-font-size:15px;line-height:20px;\">Legitymacje<\/h2><\/a><\/div><\/div><\/div><div style=\"--awb-backgroundcolor:rgba(255,193,7,0.72);\" class=\"fusion-column content-box-column content-box-column content-box-column-5 col-lg-12 col-md-12 col-sm-12 fusion-content-box-hover content-box-column-last-in-row\"><div class=\"col content-box-wrapper content-wrapper-background link-area-link-icon link-type-text content-icon-wrapper-yes icon-hover-animation-slide\" data-animationOffset=\"top-into-view\"><div class=\"heading icon-left\"><a class=\"heading-link\" style=\"float:left;\" href=\"https:\/\/powiatlwowecki.pl\/pzoon-karta-parkingowa\/\" target=\"_self\"><h2 class=\"content-box-heading\" style=\"--h2_typography-font-size:15px;line-height:20px;\">Karta parkingowa<\/h2><\/a><\/div><\/div><\/div><div style=\"--awb-backgroundcolor:rgba(255,193,7,0.72);\" class=\"fusion-column content-box-column content-box-column content-box-column-6 col-lg-12 col-md-12 col-sm-12 fusion-content-box-hover content-box-column-last-in-row\"><div class=\"col content-box-wrapper content-wrapper-background link-area-link-icon link-type-text content-icon-wrapper-yes icon-hover-animation-slide\" data-animationOffset=\"top-into-view\"><div class=\"heading icon-left\"><a class=\"heading-link\" style=\"float:left;\" href=\"https:\/\/powiatlwowecki.pl\/pzoon-swiadczenie-wspierajace\/\" target=\"_self\"><h2 class=\"content-box-heading\" style=\"--h2_typography-font-size:15px;line-height:20px;\">\u015awiadczenie wspieraj\u0105ce<\/h2><\/a><\/div><\/div><\/div><div style=\"--awb-backgroundcolor:rgba(255,193,7,0.72);\" class=\"fusion-column content-box-column content-box-column content-box-column-7 col-lg-12 col-md-12 col-sm-12 fusion-content-box-hover content-box-column-last-in-row\"><div class=\"col content-box-wrapper content-wrapper-background link-area-link-icon link-type-text content-icon-wrapper-yes icon-hover-animation-slide\" data-animationOffset=\"top-into-view\"><div class=\"heading icon-left\"><a class=\"heading-link\" style=\"float:left;\" href=\"https:\/\/powiatlwowecki.pl\/wydzialy\/powiatowy-zespol-ds-orzekania-o-niepelnosprawnosci\/\" target=\"_self\"><h2 class=\"content-box-heading\" style=\"--h2_typography-font-size:15px;line-height:20px;\">Pliki do pobrania<\/h2><\/a><\/div><\/div><\/div><div style=\"--awb-backgroundcolor:rgba(255,193,7,0.72);\" class=\"fusion-column content-box-column content-box-column content-box-column-8 col-lg-12 col-md-12 col-sm-12 fusion-content-box-hover content-box-column-last content-box-column-last-in-row\"><div class=\"col content-box-wrapper content-wrapper-background link-area-link-icon link-type-text content-icon-wrapper-yes icon-hover-animation-slide\" data-animationOffset=\"top-into-view\"><div class=\"heading icon-left\"><a class=\"heading-link\" style=\"float:left;\" href=\"https:\/\/powiatlwowecki.pl\/pzoon-kontakt\/\" target=\"_self\"><h2 class=\"content-box-heading\" style=\"--h2_typography-font-size:15px;line-height:20px;\">Kontakt<\/h2><\/a><\/div><\/div><\/div><div class=\"fusion-clearfix\"><\/div><\/div><\/div><\/div><\/div><\/div>\n","protected":false},"excerpt":{"rendered":"","protected":false},"author":3,"featured_media":0,"parent":0,"menu_order":0,"comment_status":"closed","ping_status":"closed","template":"kafle.php","meta":{"_acf_changed":false,"footnotes":""},"class_list":["post-1248","page","type-page","status-publish","hentry"],"acf":false,"_links":{"self":[{"href":"https:\/\/powiatlwowecki.pl\/plci_json_endpoint\/wp\/v2\/pages\/1248","targetHints":{"allow":["GET"]}}],"collection":[{"href":"https:\/\/powiatlwowecki.pl\/plci_json_endpoint\/wp\/v2\/pages"}],"about":[{"href":"https:\/\/powiatlwowecki.pl\/plci_json_endpoint\/wp\/v2\/types\/page"}],"author":[{"embeddable":true,"href":"https:\/\/powiatlwowecki.pl\/plci_json_endpoint\/wp\/v2\/users\/3"}],"replies":[{"embeddable":true,"href":"https:\/\/powiatlwowecki.pl\/plci_json_endpoint\/wp\/v2\/comments?post=1248"}],"version-history":[{"count":7,"href":"https:\/\/powiatlwowecki.pl\/plci_json_endpoint\/wp\/v2\/pages\/1248\/revisions"}],"predecessor-version":[{"id":10072,"href":"https:\/\/powiatlwowecki.pl\/plci_json_endpoint\/wp\/v2\/pages\/1248\/revisions\/10072"}],"wp:attachment":[{"href":"https:\/\/powiatlwowecki.pl\/plci_json_endpoint\/wp\/v2\/media?parent=1248"}],"curies":[{"name":"wp","href":"https:\/\/api.w.org\/{rel}","templated":true}]}}

Powiatowy Zespół ds. Orzekania o Niepełnosprawności

<div class="fusion-fullwidth fullwidth-box fusion-builder-row-1 fusion-flex-container has-pattern-background has-mask-background nonhundred-percent-fullwidth non-hundred-percent-height-scrolling" style="--awb-border-radius-top-left:0px;--awb-border-radius-top-right:0px;--awb-border-radius-bottom-right:0px;--awb-border-radius-bottom-left:0px;--awb-flex-wrap:wrap;" ><div class="fusion-builder-row fusion-row fusion-flex-align-items-flex-start fusion-flex-content-wrap" style="max-width:1248px;margin-left: calc(-4% / 2 );margin-right: calc(-4% / 2 );"><div class="fusion-layout-column fusion_builder_column fusion-builder-column-0 fusion_builder_column_3_4 3_4 fusion-flex-column" style="--awb-bg-size:cover;--awb-width-large:75%;--awb-margin-top-large:0px;--awb-spacing-right-large:2.56%;--awb-margin-bottom-large:20px;--awb-spacing-left-large:2.56%;--awb-width-medium:100%;--awb-order-medium:0;--awb-spacing-right-medium:1.92%;--awb-spacing-left-medium:1.92%;--awb-width-small:100%;--awb-order-small:0;--awb-spacing-right-small:1.92%;--awb-spacing-left-small:1.92%;"><div class="fusion-column-wrapper fusion-column-has-shadow fusion-flex-justify-content-flex-start fusion-content-layout-column"><div class="fusion-text fusion-text-1"><p style="text-align: center;"><img decoding="async" class="alignnone size-full wp-image-9890" src="https://powiatlwowecki.pl/wp-content/uploads/2025/05/Powiatowy-Zespol-do-Spraw-Orzekania-o-Niepelnosprawnosci-w-Lwowku-Slaskim-ul.-Szpitalna-4-59-600-Lwowek-Slaski-Godziny-przyjec-klientow-Przyjmowanie-wnioskow-poniedzialek-0800-–-1600-wtorek-–-pi.gif" alt="" width="1920" height="1080" /></p>
<p>Przewodniczący Zespołu: <strong>Beata Wasilewska</strong></p>
<p>Sekretarz Zespołu: <strong>Magdalena Kunysz-Dyjak</strong></p>
<p>Inspektor :  <strong>Magdalena Graba</strong></p>
<p style="text-align: center;"><em>Powiatowy Zespół do Spraw Orzekania o Niepełnosprawno</em><em>ś</em><em>ci pe</em><em>ł</em><em>ni kluczow</em><em>ą</em><em> rol</em><em>ę </em><em>w systemie wsparcia os</em><em>ó</em><em>b z niepe</em><em>ł</em><em>nosprawno</em><em>ś</em><em>ciami, dzia</em><em>ł</em><em>aj</em><em>ą</em><em>c na rzecz zapewnienia im dost</em><em>ę</em><em>pu do praw, </em><em>ś</em><em>wiadcze</em><em>ń</em><em> i mo</em><em>ż</em><em>liwo</em><em>ś</em><em>ci pe</em><em>ł</em><em>niejszego uczestnictwa w </em><em>ż</em><em>yciu spo</em><em>ł</em><em>ecznym poprzez profesjonalne i rzetelne orzekanie o ich sytuacji funkcjonalnej.</em></p>
<p><img decoding="async" class="wp-image-9866 aligncenter" src="https://powiatlwowecki.pl/wp-content/uploads/2025/05/Obraz1.jpg" alt="" width="441" height="232" srcset="https://powiatlwowecki.pl/wp-content/uploads/2025/05/Obraz1-24x13.jpg 24w, https://powiatlwowecki.pl/wp-content/uploads/2025/05/Obraz1-36x19.jpg 36w, https://powiatlwowecki.pl/wp-content/uploads/2025/05/Obraz1-48x25.jpg 48w, https://powiatlwowecki.pl/wp-content/uploads/2025/05/Obraz1-200x105.jpg 200w, https://powiatlwowecki.pl/wp-content/uploads/2025/05/Obraz1-300x158.jpg 300w, https://powiatlwowecki.pl/wp-content/uploads/2025/05/Obraz1-400x211.jpg 400w, https://powiatlwowecki.pl/wp-content/uploads/2025/05/Obraz1-600x316.jpg 600w, https://powiatlwowecki.pl/wp-content/uploads/2025/05/Obraz1.jpg 739w" sizes="(max-width: 441px) 100vw, 441px" /></p>
<p>Powiatowy Zespół do Spraw Orzekania o Niepełnosprawności w Lwówku Śląskim jest odpowiedzialny za całokształt procesu orzekania o niepełnosprawności na poziomie powiatu, od przyjęcia wniosku, poprzez ocenę stanu zdrowia i sytuacji życiowej wnioskodawcy, ocenę złożonych dokumentów aż po wydanie orzeczenia, a także za informowanie i współpracę z innymi podmiotami w tej dziedzinie.</p>
<p>Powiatowe Zespoły do Spraw Orzekania o Niepełnosprawności wydają orzeczenia:</p>
<ul>
<li>o stopniu niepełnosprawności osoby, które ukończyły 18 rok życia,</li>
<li>o stopniu niepełnosprawności osoby, między 16-18 rokiem życia oraz osób ubezwłasnowolnionych,</li>
<li>o niepełnosprawności osób, które nie ukończyły 16 lat ,</li>
<li>o wskazaniach do ulg i uprawnień</li>
</ul>
</div></div></div><div class="fusion-layout-column fusion_builder_column fusion-builder-column-1 fusion_builder_column_1_4 1_4 fusion-flex-column" style="--awb-bg-size:cover;--awb-width-large:25%;--awb-margin-top-large:0px;--awb-spacing-right-large:7.68%;--awb-margin-bottom-large:20px;--awb-spacing-left-large:7.68%;--awb-width-medium:100%;--awb-order-medium:0;--awb-spacing-right-medium:1.92%;--awb-spacing-left-medium:1.92%;--awb-width-small:100%;--awb-order-small:0;--awb-spacing-right-small:1.92%;--awb-spacing-left-small:1.92%;"><div class="fusion-column-wrapper fusion-column-has-shadow fusion-flex-justify-content-flex-start fusion-content-layout-column"><div class="fusion-content-boxes content-boxes columns row fusion-columns-1 fusion-columns-total-8 fusion-content-boxes-1 content-boxes-icon-with-title content-left" style="--awb-hover-accent-color:#f44336;--awb-circle-hover-accent-color:#f44336;--awb-item-margin-bottom:40px;" data-animationOffset="top-into-view"><div style="--awb-backgroundcolor:rgba(255,193,7,0.72);" class="fusion-column content-box-column content-box-column content-box-column-1 col-lg-12 col-md-12 col-sm-12 fusion-content-box-hover content-box-column-last-in-row"><div class="col content-box-wrapper content-wrapper-background link-area-link-icon link-type-text content-icon-wrapper-yes icon-hover-animation-slide" data-animationOffset="top-into-view"><div class="heading icon-left"><a class="heading-link" style="float:left;" href="https://powiatlwowecki.pl/powiatowy-zespol-ds-orzekania-o-niepelnosprawnosci/" target="_self"><h2 class="content-box-heading" style="--h2_typography-font-size:15px;line-height:20px;">Strona główna</h2></a></div></div></div><div style="--awb-backgroundcolor:rgba(255,193,7,0.72);" class="fusion-column content-box-column content-box-column content-box-column-2 col-lg-12 col-md-12 col-sm-12 fusion-content-box-hover content-box-column-last-in-row"><div class="col content-box-wrapper content-wrapper-background link-area-link-icon link-type-text content-icon-wrapper-yes icon-hover-animation-slide" data-animationOffset="top-into-view"><div class="heading icon-left"><a class="heading-link" style="float:left;" href="https://powiatlwowecki.pl/pzoon-procedura-wydania-orzeczenia/" target="_self"><h2 class="content-box-heading" style="--h2_typography-font-size:15px;line-height:20px;">Procedura wydania orzeczenia</h2></a></div></div></div><div style="--awb-backgroundcolor:rgba(255,193,7,0.72);" class="fusion-column content-box-column content-box-column content-box-column-3 col-lg-12 col-md-12 col-sm-12 fusion-content-box-hover content-box-column-last-in-row"><div class="col content-box-wrapper content-wrapper-background link-area-link-icon link-type-text content-icon-wrapper-yes icon-hover-animation-slide" data-animationOffset="top-into-view"><div class="heading icon-left"><a class="heading-link" style="float:left;" href="https://powiatlwowecki.pl/pzoon-procedura-odwolawcza/" target="_self"><h2 class="content-box-heading" style="--h2_typography-font-size:15px;line-height:20px;">Procedura odwoławcza</h2></a></div></div></div><div style="--awb-backgroundcolor:rgba(255,193,7,0.72);" class="fusion-column content-box-column content-box-column content-box-column-4 col-lg-12 col-md-12 col-sm-12 fusion-content-box-hover content-box-column-last-in-row"><div class="col content-box-wrapper content-wrapper-background link-area-link-icon link-type-text content-icon-wrapper-yes icon-hover-animation-slide" data-animationOffset="top-into-view"><div class="heading icon-left"><a class="heading-link" style="float:left;" href="https://powiatlwowecki.pl/pzoon-legitymacje/" target="_self"><h2 class="content-box-heading" style="--h2_typography-font-size:15px;line-height:20px;">Legitymacje</h2></a></div></div></div><div style="--awb-backgroundcolor:rgba(255,193,7,0.72);" class="fusion-column content-box-column content-box-column content-box-column-5 col-lg-12 col-md-12 col-sm-12 fusion-content-box-hover content-box-column-last-in-row"><div class="col content-box-wrapper content-wrapper-background link-area-link-icon link-type-text content-icon-wrapper-yes icon-hover-animation-slide" data-animationOffset="top-into-view"><div class="heading icon-left"><a class="heading-link" style="float:left;" href="https://powiatlwowecki.pl/pzoon-karta-parkingowa/" target="_self"><h2 class="content-box-heading" style="--h2_typography-font-size:15px;line-height:20px;">Karta parkingowa</h2></a></div></div></div><div style="--awb-backgroundcolor:rgba(255,193,7,0.72);" class="fusion-column content-box-column content-box-column content-box-column-6 col-lg-12 col-md-12 col-sm-12 fusion-content-box-hover content-box-column-last-in-row"><div class="col content-box-wrapper content-wrapper-background link-area-link-icon link-type-text content-icon-wrapper-yes icon-hover-animation-slide" data-animationOffset="top-into-view"><div class="heading icon-left"><a class="heading-link" style="float:left;" href="https://powiatlwowecki.pl/pzoon-swiadczenie-wspierajace/" target="_self"><h2 class="content-box-heading" style="--h2_typography-font-size:15px;line-height:20px;">Świadczenie wspierające</h2></a></div></div></div><div style="--awb-backgroundcolor:rgba(255,193,7,0.72);" class="fusion-column content-box-column content-box-column content-box-column-7 col-lg-12 col-md-12 col-sm-12 fusion-content-box-hover content-box-column-last-in-row"><div class="col content-box-wrapper content-wrapper-background link-area-link-icon link-type-text content-icon-wrapper-yes icon-hover-animation-slide" data-animationOffset="top-into-view"><div class="heading icon-left"><a class="heading-link" style="float:left;" href="https://powiatlwowecki.pl/wydzialy/powiatowy-zespol-ds-orzekania-o-niepelnosprawnosci/" target="_self"><h2 class="content-box-heading" style="--h2_typography-font-size:15px;line-height:20px;">Pliki do pobrania</h2></a></div></div></div><div style="--awb-backgroundcolor:rgba(255,193,7,0.72);" class="fusion-column content-box-column content-box-column content-box-column-8 col-lg-12 col-md-12 col-sm-12 fusion-content-box-hover content-box-column-last content-box-column-last-in-row"><div class="col content-box-wrapper content-wrapper-background link-area-link-icon link-type-text content-icon-wrapper-yes icon-hover-animation-slide" data-animationOffset="top-into-view"><div class="heading icon-left"><a class="heading-link" style="float:left;" href="https://powiatlwowecki.pl/pzoon-kontakt/" target="_self"><h2 class="content-box-heading" style="--h2_typography-font-size:15px;line-height:20px;">Kontakt</h2></a></div></div></div><div class="fusion-clearfix"></div></div></div></div></div></div>
