{"id":1237,"date":"2020-10-28T09:56:01","date_gmt":"2020-10-28T08:56:01","guid":{"rendered":"https:\/\/powiatlwowecki.pl\/?page_id=1237"},"modified":"2025-07-22T13:07:38","modified_gmt":"2025-07-22T11:07:38","slug":"jednostki-organizacyjne","status":"publish","type":"page","link":"https:\/\/powiatlwowecki.pl\/jednostki-organizacyjne\/","title":{"rendered":"Jednostki Organizacyjne"},"content":{"rendered":"<p><div class=\"fusion-fullwidth fullwidth-box fusion-builder-row-1 nonhundred-percent-fullwidth non-hundred-percent-height-scrolling\" style=\"--awb-border-radius-top-left:0px;--awb-border-radius-top-right:0px;--awb-border-radius-bottom-right:0px;--awb-border-radius-bottom-left:0px;--awb-flex-wrap:wrap;\" ><div class=\"fusion-builder-row fusion-row\"><div class=\"fusion-layout-column fusion_builder_column fusion-builder-column-0 fusion_builder_column_1_1 1_1 fusion-one-full fusion-column-first fusion-column-last buttons-grid\" style=\"--awb-bg-size:cover;\"><div class=\"fusion-column-wrapper fusion-column-has-shadow fusion-flex-column-wrapper-legacy\"><div class=\"fusion-button-wrapper\"><a class=\"fusion-button button-flat fusion-button-default-size button-default fusion-button-default button-1 fusion-button-default-span fusion-button-default-type\" target=\"_blank\" rel=\"noopener noreferrer\" href=\"http:\/\/www.pczlwowek.pl\/\"><span class=\"fusion-button-text awb-button__text awb-button__text--default\">Powiatowe Centrum Zdrowia<\/span><\/a><\/div><div class=\"fusion-button-wrapper\"><a class=\"fusion-button button-flat fusion-button-default-size button-default fusion-button-default button-2 fusion-button-default-span fusion-button-default-type\" target=\"_blank\" rel=\"noopener noreferrer\" href=\"http:\/\/zdp.powiatlwowecki.pl\/\"><span class=\"fusion-button-text awb-button__text awb-button__text--default\">Zarz\u0105d Dr\u00f3g Powiatowych w Lw\u00f3wku \u015al\u0105skim<\/span><\/a><\/div><div class=\"fusion-button-wrapper\"><a class=\"fusion-button button-flat fusion-button-default-size button-default fusion-button-default button-3 fusion-button-default-span fusion-button-default-type\" target=\"_blank\" rel=\"noopener noreferrer\" href=\"https:\/\/porelwowek.pl\/\"><span class=\"fusion-button-text awb-button__text awb-button__text--default\">Powiatowy O\u015brodek Rozwoju Edukacji w Lw\u00f3wku \u015al\u0105skim<\/span><\/a><\/div><div class=\"fusion-button-wrapper\"><a class=\"fusion-button button-flat fusion-button-default-size button-default fusion-button-default button-4 fusion-button-default-span fusion-button-default-type\" target=\"_blank\" rel=\"noopener noreferrer\" href=\"http:\/\/zpew.edupage.org\/\"><span class=\"fusion-button-text awb-button__text awb-button__text--default\">Zesp\u00f3\u0142 Plac\u00f3wek Edukacyjno-Wychowawczych w Lw\u00f3wku \u015al\u0105skim<\/span><\/a><\/div><div class=\"fusion-button-wrapper\"><a class=\"fusion-button button-flat fusion-button-default-size button-default fusion-button-default button-5 fusion-button-default-span fusion-button-default-type\" target=\"_blank\" rel=\"noopener noreferrer\" href=\"http:\/\/pcpr.powiatlwowecki.pl\/news.php\"><span class=\"fusion-button-text awb-button__text awb-button__text--default\">Powiatowe Centrum Pomocy Rodzinie w Lw\u00f3wku Sl\u0105skim<\/span><\/a><\/div><div class=\"fusion-button-wrapper\"><a class=\"fusion-button button-flat fusion-button-default-size button-default fusion-button-default button-6 fusion-button-default-span fusion-button-default-type buttons-grid\" target=\"_blank\" rel=\"noopener noreferrer\" href=\"https:\/\/zsoizlwowek.pl\/\"><span class=\"fusion-button-text awb-button__text awb-button__text--default\">Zesp\u00f3\u0142 Szk\u00f3\u0142 Og\u00f3lnokszta\u0142c\u0105cych i Zawodowych w Lw\u00f3wku \u015al\u0105skim<\/span><\/a><\/div><div class=\"fusion-button-wrapper\"><a class=\"fusion-button button-flat fusion-button-default-size button-default fusion-button-default button-7 fusion-button-default-span fusion-button-default-type\" target=\"_blank\" rel=\"noopener noreferrer\" href=\"http:\/\/zsetrakowice.pl\/\"><span class=\"fusion-button-text awb-button__text awb-button__text--default\">Zesp\u00f3\u0142 Szk\u00f3\u0142 Ekonomiczno-Technicznych w Rakowicach Wielkich<\/span><\/a><\/div><div class=\"fusion-button-wrapper\"><a class=\"fusion-button button-flat fusion-button-default-size button-default fusion-button-default button-8 fusion-button-default-span fusion-button-default-type\" target=\"_blank\" rel=\"noopener noreferrer\" href=\"http:\/\/zsoiz.gryfow.pl\/\"><span class=\"fusion-button-text awb-button__text awb-button__text--default\">Zesp\u00f3\u0142 Szk\u00f3\u0142 Og\u00f3lnokszta\u0142c\u0105cych i Zawodowych w Gryfowie \u015al\u0105skim<\/span><\/a><\/div><div class=\"fusion-button-wrapper\"><a class=\"fusion-button button-flat fusion-button-default-size button-default fusion-button-default button-9 fusion-button-default-span fusion-button-default-type\" target=\"_blank\" rel=\"noopener noreferrer\" href=\"https:\/\/lwowekslaski.praca.gov.pl\/\"><span class=\"fusion-button-text awb-button__text awb-button__text--default\">Powiatowy Urz\u0105d Pracy w Lw\u00f3wku \u015al\u0105skim<\/span><\/a><\/div><div class=\"fusion-button-wrapper\"><a class=\"fusion-button button-flat fusion-button-default-size button-default fusion-button-default button-10 fusion-button-default-span fusion-button-default-type\" target=\"_blank\" rel=\"noopener noreferrer\" href=\"http:\/\/dpsmirsk.pl\"><span class=\"fusion-button-text awb-button__text awb-button__text--default\">Dom Pomocy Spo\u0142ecznej w Mirsku<\/span><\/a><\/div><div class=\"fusion-button-wrapper\"><a class=\"fusion-button button-flat fusion-button-default-size button-default fusion-button-default button-11 fusion-button-default-span fusion-button-default-type\" target=\"_blank\" rel=\"noopener noreferrer\" href=\"http:\/\/dpsnielestno.powiatlwowecki.pl\/\"><span class=\"fusion-button-text awb-button__text awb-button__text--default\">Dom Pomocy Spo\u0142ecznej w Nielestnie<\/span><\/a><\/div><div class=\"fusion-button-wrapper\"><a class=\"fusion-button button-flat fusion-button-default-size button-default fusion-button-default button-12 fusion-button-default-span fusion-button-default-type\" target=\"_blank\" rel=\"noopener noreferrer\" href=\"https:\/\/bip.powiatlwowecki.pl\/jednostki_podlegle\/22\/1812\/komenda_powiatowa_panstwowej_strazy_pozarnej_w_lwowku_slaskim\"><span class=\"fusion-button-text awb-button__text awb-button__text--default\">Komenda Powiatowa Pa\u0144stwowej Stra\u017cy Po\u017carnej w Lw\u00f3wku \u015al.<\/span><\/a><\/div><div class=\"fusion-button-wrapper\"><a class=\"fusion-button button-flat fusion-button-default-size button-default fusion-button-default button-13 fusion-button-default-span fusion-button-default-type\" target=\"_blank\" rel=\"noopener noreferrer\" href=\"https:\/\/bip.powiatlwowecki.pl\/jednostki_podlegle\/21\/1574\/powiatowy_inspektorat_nadzoru_budowlanego\"><span class=\"fusion-button-text awb-button__text awb-button__text--default\">Powiatowy Inspektor Nadzoru Budowlanego w Lw\u00f3wku \u015al\u0105skim<\/span><\/a><\/div><div class=\"fusion-clearfix\"><\/div><\/div><\/div><\/div><\/div><div class=\"fusion-fullwidth fullwidth-box fusion-builder-row-2 nonhundred-percent-fullwidth non-hundred-percent-height-scrolling\" style=\"--awb-border-radius-top-left:0px;--awb-border-radius-top-right:0px;--awb-border-radius-bottom-right:0px;--awb-border-radius-bottom-left:0px;--awb-flex-wrap:wrap;\" ><div class=\"fusion-builder-row fusion-row\"><\/div><\/div><\/p>\n","protected":false},"excerpt":{"rendered":"","protected":false},"author":3,"featured_media":0,"parent":0,"menu_order":0,"comment_status":"closed","ping_status":"closed","template":"kafle.php","meta":{"_acf_changed":false,"footnotes":""},"class_list":["post-1237","page","type-page","status-publish","hentry"],"acf":false,"_links":{"self":[{"href":"https:\/\/powiatlwowecki.pl\/plci_json_endpoint\/wp\/v2\/pages\/1237","targetHints":{"allow":["GET"]}}],"collection":[{"href":"https:\/\/powiatlwowecki.pl\/plci_json_endpoint\/wp\/v2\/pages"}],"about":[{"href":"https:\/\/powiatlwowecki.pl\/plci_json_endpoint\/wp\/v2\/types\/page"}],"author":[{"embeddable":true,"href":"https:\/\/powiatlwowecki.pl\/plci_json_endpoint\/wp\/v2\/users\/3"}],"replies":[{"embeddable":true,"href":"https:\/\/powiatlwowecki.pl\/plci_json_endpoint\/wp\/v2\/comments?post=1237"}],"version-history":[{"count":3,"href":"https:\/\/powiatlwowecki.pl\/plci_json_endpoint\/wp\/v2\/pages\/1237\/revisions"}],"predecessor-version":[{"id":10376,"href":"https:\/\/powiatlwowecki.pl\/plci_json_endpoint\/wp\/v2\/pages\/1237\/revisions\/10376"}],"wp:attachment":[{"href":"https:\/\/powiatlwowecki.pl\/plci_json_endpoint\/wp\/v2\/media?parent=1237"}],"curies":[{"name":"wp","href":"https:\/\/api.w.org\/{rel}","templated":true}]}}

<p><div class="fusion-fullwidth fullwidth-box fusion-builder-row-1 nonhundred-percent-fullwidth non-hundred-percent-height-scrolling" style="--awb-border-radius-top-left:0px;--awb-border-radius-top-right:0px;--awb-border-radius-bottom-right:0px;--awb-border-radius-bottom-left:0px;--awb-flex-wrap:wrap;" ><div class="fusion-builder-row fusion-row"><div class="fusion-layout-column fusion_builder_column fusion-builder-column-0 fusion_builder_column_1_1 1_1 fusion-one-full fusion-column-first fusion-column-last buttons-grid" style="--awb-bg-size:cover;"><div class="fusion-column-wrapper fusion-column-has-shadow fusion-flex-column-wrapper-legacy"><div class="fusion-button-wrapper"><a class="fusion-button button-flat fusion-button-default-size button-default fusion-button-default button-1 fusion-button-default-span fusion-button-default-type" target="_blank" rel="noopener noreferrer" href="http://www.pczlwowek.pl/"><span class="fusion-button-text awb-button__text awb-button__text--default">Powiatowe Centrum Zdrowia</span></a></div><div class="fusion-button-wrapper"><a class="fusion-button button-flat fusion-button-default-size button-default fusion-button-default button-2 fusion-button-default-span fusion-button-default-type" target="_blank" rel="noopener noreferrer" href="http://zdp.powiatlwowecki.pl/"><span class="fusion-button-text awb-button__text awb-button__text--default">Zarząd Dróg Powiatowych w Lwówku Śląskim</span></a></div><div class="fusion-button-wrapper"><a class="fusion-button button-flat fusion-button-default-size button-default fusion-button-default button-3 fusion-button-default-span fusion-button-default-type" target="_blank" rel="noopener noreferrer" href="https://porelwowek.pl/"><span class="fusion-button-text awb-button__text awb-button__text--default">Powiatowy Ośrodek Rozwoju Edukacji w Lwówku Śląskim</span></a></div><div class="fusion-button-wrapper"><a class="fusion-button button-flat fusion-button-default-size button-default fusion-button-default button-4 fusion-button-default-span fusion-button-default-type" target="_blank" rel="noopener noreferrer" href="http://zpew.edupage.org/"><span class="fusion-button-text awb-button__text awb-button__text--default">Zespół Placówek Edukacyjno-Wychowawczych w Lwówku Śląskim</span></a></div><div class="fusion-button-wrapper"><a class="fusion-button button-flat fusion-button-default-size button-default fusion-button-default button-5 fusion-button-default-span fusion-button-default-type" target="_blank" rel="noopener noreferrer" href="http://pcpr.powiatlwowecki.pl/news.php"><span class="fusion-button-text awb-button__text awb-button__text--default">Powiatowe Centrum Pomocy Rodzinie w Lwówku Sląskim</span></a></div><div class="fusion-button-wrapper"><a class="fusion-button button-flat fusion-button-default-size button-default fusion-button-default button-6 fusion-button-default-span fusion-button-default-type buttons-grid" target="_blank" rel="noopener noreferrer" href="https://zsoizlwowek.pl/"><span class="fusion-button-text awb-button__text awb-button__text--default">Zespół Szkół Ogólnokształcących i Zawodowych w Lwówku Śląskim</span></a></div><div class="fusion-button-wrapper"><a class="fusion-button button-flat fusion-button-default-size button-default fusion-button-default button-7 fusion-button-default-span fusion-button-default-type" target="_blank" rel="noopener noreferrer" href="http://zsetrakowice.pl/"><span class="fusion-button-text awb-button__text awb-button__text--default">Zespół Szkół Ekonomiczno-Technicznych w Rakowicach Wielkich</span></a></div><div class="fusion-button-wrapper"><a class="fusion-button button-flat fusion-button-default-size button-default fusion-button-default button-8 fusion-button-default-span fusion-button-default-type" target="_blank" rel="noopener noreferrer" href="http://zsoiz.gryfow.pl/"><span class="fusion-button-text awb-button__text awb-button__text--default">Zespół Szkół Ogólnokształcących i Zawodowych w Gryfowie Śląskim</span></a></div><div class="fusion-button-wrapper"><a class="fusion-button button-flat fusion-button-default-size button-default fusion-button-default button-9 fusion-button-default-span fusion-button-default-type" target="_blank" rel="noopener noreferrer" href="https://lwowekslaski.praca.gov.pl/"><span class="fusion-button-text awb-button__text awb-button__text--default">Powiatowy Urząd Pracy w Lwówku Śląskim</span></a></div><div class="fusion-button-wrapper"><a class="fusion-button button-flat fusion-button-default-size button-default fusion-button-default button-10 fusion-button-default-span fusion-button-default-type" target="_blank" rel="noopener noreferrer" href="http://dpsmirsk.pl"><span class="fusion-button-text awb-button__text awb-button__text--default">Dom Pomocy Społecznej w Mirsku</span></a></div><div class="fusion-button-wrapper"><a class="fusion-button button-flat fusion-button-default-size button-default fusion-button-default button-11 fusion-button-default-span fusion-button-default-type" target="_blank" rel="noopener noreferrer" href="http://dpsnielestno.powiatlwowecki.pl/"><span class="fusion-button-text awb-button__text awb-button__text--default">Dom Pomocy Społecznej w Nielestnie</span></a></div><div class="fusion-button-wrapper"><a class="fusion-button button-flat fusion-button-default-size button-default fusion-button-default button-12 fusion-button-default-span fusion-button-default-type" target="_blank" rel="noopener noreferrer" href="https://bip.powiatlwowecki.pl/jednostki_podlegle/22/1812/komenda_powiatowa_panstwowej_strazy_pozarnej_w_lwowku_slaskim"><span class="fusion-button-text awb-button__text awb-button__text--default">Komenda Powiatowa Państwowej Straży Pożarnej w Lwówku Śl.</span></a></div><div class="fusion-button-wrapper"><a class="fusion-button button-flat fusion-button-default-size button-default fusion-button-default button-13 fusion-button-default-span fusion-button-default-type" target="_blank" rel="noopener noreferrer" href="https://bip.powiatlwowecki.pl/jednostki_podlegle/21/1574/powiatowy_inspektorat_nadzoru_budowlanego"><span class="fusion-button-text awb-button__text awb-button__text--default">Powiatowy Inspektor Nadzoru Budowlanego w Lwówku Śląskim</span></a></div><div class="fusion-clearfix"></div></div></div></div></div><div class="fusion-fullwidth fullwidth-box fusion-builder-row-2 nonhundred-percent-fullwidth non-hundred-percent-height-scrolling" style="--awb-border-radius-top-left:0px;--awb-border-radius-top-right:0px;--awb-border-radius-bottom-right:0px;--awb-border-radius-bottom-left:0px;--awb-flex-wrap:wrap;" ><div class="fusion-builder-row fusion-row"></div></div></p>
