{"id":3224,"date":"2022-04-20T08:26:31","date_gmt":"2022-04-20T06:26:31","guid":{"rendered":"https:\/\/powiatlwowecki.pl\/wp-content\/uploads\/2022\/04\/strona.png"},"modified":"2022-04-20T08:28:26","modified_gmt":"2022-04-20T06:28:26","slug":"strona","status":"inherit","type":"attachment","link":"https:\/\/powiatlwowecki.pl\/rozpoczecie-sezonu-rowerowego-w-zaclerzu-2\/strona\/","title":{"rendered":"strona"},"author":5,"featured_media":0,"comment_status":"closed","ping_status":"closed","template":"","meta":{"_acf_changed":false},"class_list":["post-3224","attachment","type-attachment","status-inherit","hentry"],"acf":[],"description":{"rendered":"<p class=\"attachment\"><a data-rel=\"iLightbox[postimages]\" data-title=\"\" data-caption=\"\" href='https:\/\/powiatlwowecki.pl\/wp-content\/uploads\/2022\/04\/strona.png'><img decoding=\"async\" width=\"300\" height=\"146\" src=\"https:\/\/powiatlwowecki.pl\/wp-content\/uploads\/2022\/04\/strona-300x146.png\" class=\"attachment-medium size-medium\" alt=\"W centrum rowerzysta w sportowym ubraniu uchwycony od ty\u0142u na tle g\u00f3r, w tle drzewa, napisy: Rozpocz\u0119cie sezonu rowerowego w \u017baclerzu 14.05.2022, Ruszaj\u0105 zapisy, logotypy miasta \u017baclerz i herb Powiatu Lw\u00f3weckiego, logotypy projektu - UE, PL-Cz, euroregion Nysa\" srcset=\"https:\/\/powiatlwowecki.pl\/wp-content\/uploads\/2022\/04\/strona-24x12.png 24w, https:\/\/powiatlwowecki.pl\/wp-content\/uploads\/2022\/04\/strona-36x18.png 36w, https:\/\/powiatlwowecki.pl\/wp-content\/uploads\/2022\/04\/strona-48x23.png 48w, https:\/\/powiatlwowecki.pl\/wp-content\/uploads\/2022\/04\/strona-200x98.png 200w, https:\/\/powiatlwowecki.pl\/wp-content\/uploads\/2022\/04\/strona-300x146.png 300w, https:\/\/powiatlwowecki.pl\/wp-content\/uploads\/2022\/04\/strona-400x195.png 400w, https:\/\/powiatlwowecki.pl\/wp-content\/uploads\/2022\/04\/strona-600x293.png 600w, https:\/\/powiatlwowecki.pl\/wp-content\/uploads\/2022\/04\/strona-768x375.png 768w, https:\/\/powiatlwowecki.pl\/wp-content\/uploads\/2022\/04\/strona-800x390.png 800w, https:\/\/powiatlwowecki.pl\/wp-content\/uploads\/2022\/04\/strona.png 820w\" sizes=\"(max-width: 300px) 100vw, 300px\" \/><\/a><\/p>\n"},"caption":{"rendered":""},"alt_text":"W centrum rowerzysta w sportowym ubraniu uchwycony od ty\u0142u na tle g\u00f3r, w tle drzewa, napisy: Rozpocz\u0119cie sezonu rowerowego w \u017baclerzu 14.05.2022, Ruszaj\u0105 zapisy, logotypy miasta \u017baclerz i herb Powiatu Lw\u00f3weckiego, logotypy projektu - UE, PL-Cz, euroregion Nysa","media_type":"image","mime_type":"image\/png","media_details":{"width":820,"height":400,"file":"2022\/04\/strona.png","sizes":{"medium":{"file":"strona-300x146.png","width":300,"height":146,"mime_type":"image\/png","source_url":"https:\/\/powiatlwowecki.pl\/wp-content\/uploads\/2022\/04\/strona-300x146.png"},"thumbnail":{"file":"strona-150x150.png","width":150,"height":150,"mime_type":"image\/png","source_url":"https:\/\/powiatlwowecki.pl\/wp-content\/uploads\/2022\/04\/strona-150x150.png"},"medium_large":{"file":"strona-768x375.png","width":768,"height":375,"mime_type":"image\/png","source_url":"https:\/\/powiatlwowecki.pl\/wp-content\/uploads\/2022\/04\/strona-768x375.png"},"portfolio-one":{"file":"strona-540x272.png","width":540,"height":272,"mime_type":"image\/png","source_url":"https:\/\/powiatlwowecki.pl\/wp-content\/uploads\/2022\/04\/strona-540x272.png"},"portfolio-two":{"file":"strona-460x295.png","width":460,"height":295,"mime_type":"image\/png","source_url":"https:\/\/powiatlwowecki.pl\/wp-content\/uploads\/2022\/04\/strona-460x295.png"},"portfolio-three":{"file":"strona-300x214.png","width":300,"height":214,"mime_type":"image\/png","source_url":"https:\/\/powiatlwowecki.pl\/wp-content\/uploads\/2022\/04\/strona-300x214.png"},"portfolio-five":{"file":"strona-177x142.png","width":177,"height":142,"mime_type":"image\/png","source_url":"https:\/\/powiatlwowecki.pl\/wp-content\/uploads\/2022\/04\/strona-177x142.png"},"blog-large":{"file":"strona-669x272.png","width":669,"height":272,"mime_type":"image\/png","source_url":"https:\/\/powiatlwowecki.pl\/wp-content\/uploads\/2022\/04\/strona-669x272.png"},"blog-medium":{"file":"strona-320x202.png","width":320,"height":202,"mime_type":"image\/png","source_url":"https:\/\/powiatlwowecki.pl\/wp-content\/uploads\/2022\/04\/strona-320x202.png"},"recent-posts":{"file":"strona-700x400.png","width":700,"height":400,"mime_type":"image\/png","source_url":"https:\/\/powiatlwowecki.pl\/wp-content\/uploads\/2022\/04\/strona-700x400.png"},"recent-works-thumbnail":{"file":"strona-66x66.png","width":66,"height":66,"mime_type":"image\/png","source_url":"https:\/\/powiatlwowecki.pl\/wp-content\/uploads\/2022\/04\/strona-66x66.png"},"fusion-200":{"file":"strona-200x98.png","width":200,"height":98,"mime_type":"image\/png","source_url":"https:\/\/powiatlwowecki.pl\/wp-content\/uploads\/2022\/04\/strona-200x98.png"},"fusion-400":{"file":"strona-400x195.png","width":400,"height":195,"mime_type":"image\/png","source_url":"https:\/\/powiatlwowecki.pl\/wp-content\/uploads\/2022\/04\/strona-400x195.png"},"fusion-600":{"file":"strona-600x293.png","width":600,"height":293,"mime_type":"image\/png","source_url":"https:\/\/powiatlwowecki.pl\/wp-content\/uploads\/2022\/04\/strona-600x293.png"},"fusion-800":{"file":"strona-800x390.png","width":800,"height":390,"mime_type":"image\/png","source_url":"https:\/\/powiatlwowecki.pl\/wp-content\/uploads\/2022\/04\/strona-800x390.png"},"menu-24x24":{"file":"strona-24x12.png","width":24,"height":12,"mime_type":"image\/png","source_url":"https:\/\/powiatlwowecki.pl\/wp-content\/uploads\/2022\/04\/strona-24x12.png"},"menu-36x36":{"file":"strona-36x18.png","width":36,"height":18,"mime_type":"image\/png","source_url":"https:\/\/powiatlwowecki.pl\/wp-content\/uploads\/2022\/04\/strona-36x18.png"},"menu-48x48":{"file":"strona-48x23.png","width":48,"height":23,"mime_type":"image\/png","source_url":"https:\/\/powiatlwowecki.pl\/wp-content\/uploads\/2022\/04\/strona-48x23.png"},"full":{"file":"strona.png","width":820,"height":400,"mime_type":"image\/png","source_url":"https:\/\/powiatlwowecki.pl\/wp-content\/uploads\/2022\/04\/strona.png"}},"image_meta":{"aperture":"0","credit":"","camera":"","caption":"","created_timestamp":"0","copyright":"","focal_length":"0","iso":"0","shutter_speed":"0","title":"","orientation":"0","keywords":[]}},"post":3220,"source_url":"https:\/\/powiatlwowecki.pl\/wp-content\/uploads\/2022\/04\/strona.png","_links":{"self":[{"href":"https:\/\/powiatlwowecki.pl\/plci_json_endpoint\/wp\/v2\/media\/3224","targetHints":{"allow":["GET"]}}],"collection":[{"href":"https:\/\/powiatlwowecki.pl\/plci_json_endpoint\/wp\/v2\/media"}],"about":[{"href":"https:\/\/powiatlwowecki.pl\/plci_json_endpoint\/wp\/v2\/types\/attachment"}],"author":[{"embeddable":true,"href":"https:\/\/powiatlwowecki.pl\/plci_json_endpoint\/wp\/v2\/users\/5"}],"wp:attached-to":[{"embeddable":true,"post_type":"post","id":3220,"href":"https:\/\/powiatlwowecki.pl\/plci_json_endpoint\/wp\/v2\/posts\/3220"}],"curies":[{"name":"wp","href":"https:\/\/api.w.org\/{rel}","templated":true}]}}

<p class="attachment"><a data-rel="iLightbox[postimages]" data-title="" data-caption="" href='https://powiatlwowecki.pl/wp-content/uploads/2022/04/strona.png'><img decoding="async" width="300" height="146" src="https://powiatlwowecki.pl/wp-content/uploads/2022/04/strona-300x146.png" class="attachment-medium size-medium" alt="W centrum rowerzysta w sportowym ubraniu uchwycony od tyłu na tle gór, w tle drzewa, napisy: Rozpoczęcie sezonu rowerowego w Żaclerzu 14.05.2022, Ruszają zapisy, logotypy miasta Żaclerz i herb Powiatu Lwóweckiego, logotypy projektu - UE, PL-Cz, euroregion Nysa" srcset="https://powiatlwowecki.pl/wp-content/uploads/2022/04/strona-24x12.png 24w, https://powiatlwowecki.pl/wp-content/uploads/2022/04/strona-36x18.png 36w, https://powiatlwowecki.pl/wp-content/uploads/2022/04/strona-48x23.png 48w, https://powiatlwowecki.pl/wp-content/uploads/2022/04/strona-200x98.png 200w, https://powiatlwowecki.pl/wp-content/uploads/2022/04/strona-300x146.png 300w, https://powiatlwowecki.pl/wp-content/uploads/2022/04/strona-400x195.png 400w, https://powiatlwowecki.pl/wp-content/uploads/2022/04/strona-600x293.png 600w, https://powiatlwowecki.pl/wp-content/uploads/2022/04/strona-768x375.png 768w, https://powiatlwowecki.pl/wp-content/uploads/2022/04/strona-800x390.png 800w, https://powiatlwowecki.pl/wp-content/uploads/2022/04/strona.png 820w" sizes="(max-width: 300px) 100vw, 300px" /></a></p>

W centrum rowerzysta w sportowym ubraniu uchwycony od tyłu na tle gór, w tle drzewa, napisy: Rozpoczęcie sezonu rowerowego w Żaclerzu 14.05.2022, Ruszają zapisy, logotypy miasta Żaclerz i herb Powiatu Lwóweckiego, logotypy projektu - UE, PL-Cz, euroregion Nysa
